{"id":5353,"date":"2025-11-12T22:45:59","date_gmt":"2025-11-12T20:45:59","guid":{"rendered":"https:\/\/teampercheet.fi\/store\/?page_id=5353"},"modified":"2026-01-14T11:28:30","modified_gmt":"2026-01-14T09:28:30","slug":"arvonnan-ehdot-ja-saannot","status":"publish","type":"page","link":"https:\/\/teampercheet.fi\/store\/arvonnan-ehdot-ja-saannot\/","title":{"rendered":"Arvonnan ehdot ja s\u00e4\u00e4nn\u00f6t"},"content":{"rendered":"\t\t<div data-elementor-type=\"wp-page\" data-elementor-id=\"5353\" class=\"elementor elementor-5353\">\n\t\t\t\t<div class=\"elementor-element elementor-element-99003e4 e-flex e-con-boxed e-con e-parent\" data-id=\"99003e4\" data-element_type=\"container\">\n\t\t\t\t\t<div class=\"e-con-inner\">\n\t\t\t\t<div class=\"elementor-element elementor-element-7fe61cb elementor-widget elementor-widget-heading\" data-id=\"7fe61cb\" data-element_type=\"widget\" data-widget_type=\"heading.default\">\n\t\t\t\t<div class=\"elementor-widget-container\">\n\t\t\t\t\t<h2 class=\"elementor-heading-title elementor-size-default\">S\u00e4\u00e4nn\u00f6t ja ehdot: ICesled Giveaway - arvonta<\/h2>\t\t\t\t<\/div>\n\t\t\t\t<\/div>\n\t\t\t\t\t<\/div>\n\t\t\t\t<\/div>\n\t\t<div class=\"elementor-element elementor-element-b36cf2a e-flex e-con-boxed e-con e-parent\" data-id=\"b36cf2a\" data-element_type=\"container\">\n\t\t\t\t\t<div class=\"e-con-inner\">\n\t\t\t\t<div class=\"elementor-element elementor-element-590b02e elementor-widget elementor-widget-text-editor\" data-id=\"590b02e\" data-element_type=\"widget\" data-widget_type=\"text-editor.default\">\n\t\t\t\t<div class=\"elementor-widget-container\">\n\t\t\t\t\t\t\t\t\t<p class=\"p1\"><b>Osallistumiskelpoisuus:<\/b>\u00a0<br \/>Arvontaan (&#8221;Arvonta&#8221;) voivat osallistua vain ne henkil\u00f6t, jotka tekev\u00e4t tilauksen verkkokaupassa osallistumishetkell\u00e4. Arvonta on avoin Euroopan unionin j\u00e4senvaltioiden, Islannin, Norjan, Yhdistyneen kuningaskunnan ja Sveitsin laillisesti asuville kansalaisille, ja se on mit\u00e4t\u00f6n lain kielt\u00e4miss\u00e4 paikoissa. Team Percheet Oy:n (Team Percheet) (&#8221;J\u00e4rjest\u00e4j\u00e4&#8221;) t\u00e4ysp\u00e4iv\u00e4iset ja osa-aikaiset ty\u00f6ntekij\u00e4t, sen tavarantoimittajat sek\u00e4 heid\u00e4n v\u00e4litt\u00f6m\u00e4t perheenj\u00e4senens\u00e4 tai samassa taloudessa asuvat eiv\u00e4t voi osallistua arvontaan. Arvontaa koskevat kaikki soveltuvat lait ja asetukset.<\/p><p class=\"p1\"><b>S\u00e4\u00e4nt\u00f6jen hyv\u00e4ksyminen:<\/b>\u00a0<br \/>Osallistumalla arvontaan osallistuja sitoutuu noudattamaan n\u00e4it\u00e4 s\u00e4\u00e4nt\u00f6j\u00e4 sek\u00e4 vahvistaa olevansa osallistumiskelvollinen. Osallistuja hyv\u00e4ksyy Team Percheet Oy:n (Team Percheet) tekem\u00e4t p\u00e4\u00e4t\u00f6kset sitoviksi.<\/p><p class=\"p1\"><b>Arvonnan nimi:<\/b>\u00a0<br \/>ICESLED GIVEAWAY<\/p><p class=\"p1\"><b>Arvonta-aika:<\/b>\u00a0<br \/>Ostot arvontaan lasketaan mukaan aikav\u00e4lill\u00e4 16.01.2026 klo 08:00 alkaen ja 28.02.2026 klo 23:59 saakka (Suomen aikaa). Arvonta suoritetaan 1.03.2026 p\u00e4iv\u00e4n aikana.<\/p><p class=\"p1\"><b>Osallistuminen:<\/b>\u00a0<br \/>Ostamalla tuotteita Team Percheet verkkokaupasta osallistuja saa arpoja ostosumman mukaan. Saman s\u00e4hk\u00f6postiosoitteen kautta tehdyt useat tilaukset ovat sallittuja, ja kukin tilaus kasvattaa voittomahdollisuuksia.<br \/>Arvontaan voi osallistua maksutta my\u00f6s postikortilla, joka l\u00e4hetet\u00e4\u00e4n osoitteeseen: Osuusmyllynkatu 5 D c\/o TeeKoo-Auto Tampere, Suomi. Kortista tulee k\u00e4yd\u00e4 ilmi osallistujan nimi, osoite, puhelinnumero, s\u00e4hk\u00f6postiosoite ja maininta halusta osallistua arvontaan. Kortin on saavuttava perille viimeist\u00e4\u00e4n 27.2.2026. My\u00f6h\u00e4styneit\u00e4 kortteja ei hyv\u00e4ksyt\u00e4.<\/p><p class=\"p1\"><b>Palkinto:<\/b><br \/>P\u00e4\u00e4palkintona on Percheet Gear tuotteilla varusteltu pilkkiahkio, jonka arvioitu arvo on noin 600 euroa. Voittoa ei voida vaihtaa rahaksi tai muuhun tuotteeseen. Palkinto on siirrett\u00e4viss\u00e4 vain j\u00e4rjest\u00e4j\u00e4n harkinnan mukaan. Palkinnon kaikki mahdolliset kulut, kuten nouto, verot tai muut maksut, ovat voittajan vastuulla. Palkinto on noudettava Tampereelta voittajan omalla kustannuksella. Palkinnon vastaanottaminen oikeuttaa j\u00e4rjest\u00e4j\u00e4n k\u00e4ytt\u00e4m\u00e4\u00e4n voittajan nime\u00e4, kuvaa ja osallistumistietoja markkinointitarkoituksiin ilman erillist\u00e4 korvausta, ellei laki toisin m\u00e4\u00e4r\u00e4\u00e4.<\/p><p class=\"p1\"><b>Voittomahdollisuudet:<\/b>\u00a0<br \/>Voiton todenn\u00e4k\u00f6isyys riippuu osallistumisten kokonaism\u00e4\u00e4r\u00e4st\u00e4.<\/p><p class=\"p1\"><b>Voittajan valinta ja ilmoittaminen:<\/b><br \/>Voittaja arvotaan satunnaisesti ja arvonnan suorittaa j\u00e4rjest\u00e4j\u00e4. Voittajaan otetaan yhteytt\u00e4 viiden (5) p\u00e4iv\u00e4n kuluessa arvonnasta. Mik\u00e4li voittajaa ei tavoiteta, h\u00e4n ei vastaa tai ei toimita tarvittavia tietoja m\u00e4\u00e4r\u00e4ajassa, valitaan uusi voittaja. J\u00e4rjest\u00e4j\u00e4 ei vastaa viestien katoamisesta tai virheellisest\u00e4 yhteystiedosta.<\/p><p class=\"p1\"><b>Julkinen osallistujalista (Leaderboard):<\/b>\u00a0<br \/>Osallistumalla arvontaan hyv\u00e4ksyt, ett\u00e4 s\u00e4hk\u00f6postiosoitteesi osittain peitetty versio (esim. &#8221;<span class=\"s1\">roope@gmail.com<\/span>&#8221; n\u00e4kyy muodossa \u201droope\u201d) voidaan n\u00e4ytt\u00e4\u00e4 julkisessa osallistujalistassa. Tiedot n\u00e4ytet\u00e4\u00e4n vain v\u00e4h\u00e4n tunnistettavassa muodossa ja poistetaan kohtuullisen ajan kuluttua arvonnan p\u00e4\u00e4tytty\u00e4. Voit milloin tahansa pyyt\u00e4\u00e4 tietojesi poistamista ottamalla yhteytt\u00e4 osoitteeseen<span class=\"s1\"> <a href=\"mailto:teampercheet@gmail.com\">teampercheet@gmail.com<\/a> <\/span>. Poistopyynt\u00f6 voi vaikuttaa osallistumiseesi arvontaan.<\/p><p class=\"p1\"><b>Ehdot ja oikeudet:<\/b>\u00a0<br \/>Team Percheet Oy (Team Percheet) pid\u00e4tt\u00e4\u00e4 oikeuden muuttaa, keskeytt\u00e4\u00e4 tai peruuttaa arvonta milloin tahansa, jos tekniset ongelmat tai vilppi uhkaavat arvonnan reiluutta. Yrityksell\u00e4 on oikeus hyl\u00e4t\u00e4 osallistujat, jotka rikkovat s\u00e4\u00e4nt\u00f6j\u00e4 tai manipuloivat osallistumisprosessia. Osallistumalla arvontaan annat suostumuksesi vastaanottaa Team Percheet uutiskirjeit\u00e4. Voit peruuttaa tilauksen milloin tahansa.<br \/><b>Vastuunrajoitus:<\/b>\u00a0Osallistuja vapauttaa Team Percheet Oy:n vastuusta kaikista vaatimuksista tai vahingoista, jotka liittyv\u00e4t osallistumiseen tai palkinnon k\u00e4ytt\u00f6\u00f6n, mukaan lukien tekniset viat, tiedonsiirtokatkokset, inhimilliset virheet tai muut vastaavat ongelmat.<\/p><p class=\"p1\"><b>Riitatilanteet:<\/b>\u00a0<br \/>Arvontaan sovelletaan Suomen lakia ja kaikki riidat ratkaistaan Pirkanmaan k\u00e4r\u00e4j\u00e4oikeudessa. Osallistujat luopuvat oikeudestaan ryhm\u00e4kanteeseen ja rangaistuskorvauksiin.<\/p><p class=\"p1\"><b>Tietosuojaseloste:<\/b>\u00a0<br \/>Osallistumistietoja k\u00e4sitell\u00e4\u00e4n Team Percheet Oy:n tietosuojaselosteen mukaisesti:<span class=\"s1\"> <a href=\"https:\/\/teampercheet.fi\/store\/fi\/tietosuoja\/\">https:\/\/teampercheet.fi\/store\/fi\/tietosuoja\/<\/a><\/span><\/p><p class=\"p1\"><b>Voittajalista:<\/b>\u00a0<br \/>Voittajan nimi on saatavilla pyynn\u00f6st\u00e4:<span class=\"s1\"> <a href=\"mailto:teampercheet@gmail.com\">teampercheet@gmail.com<\/a><\/span> Viestin aiheeksi &#8221;Voittajapyynt\u00f6 Team Percheet Oy:n (Team Percheet) arvonta&#8221;.<\/p><p class=\"p1\"><b>J\u00e4rjest\u00e4j\u00e4:<\/b>\u00a0<br \/>Team Percheet Oy (Team Percheet), Osuusmyllynkatu 5 D c\/o TeeKoo-Auto Tampere, Suomi<\/p><p class=\"p1\"><b>Sosiaalisen median vastuuvapaus:<\/b>\u00a0<br \/>T\u00e4m\u00e4 kampanja ei ole Facebookin, Instagramin, YouTuben, X:n (Twitterin), LinkedInin tai Googlen sponsoroima, suosittelema tai hallinnoima, eik\u00e4 liity niihin mill\u00e4\u00e4n tavalla.<\/p>\t\t\t\t\t\t\t\t<\/div>\n\t\t\t\t<\/div>\n\t\t\t\t\t<\/div>\n\t\t\t\t<\/div>\n\t\t\t\t<\/div>\n\t\t","protected":false},"excerpt":{"rendered":"<p>S\u00e4\u00e4nn\u00f6t ja ehdot: ICesled Giveaway &#8211; arvonta Osallistumiskelpoisuus:\u00a0Arvontaan (&#8221;Arvonta&#8221;) voivat osallistua vain ne henkil\u00f6t, jotka tekev\u00e4t tilauksen verkkokaupassa osallistumishetkell\u00e4. Arvonta on avoin Euroopan unionin j\u00e4senvaltioiden, Islannin, Norjan, Yhdistyneen kuningaskunnan ja Sveitsin laillisesti asuville kansalaisille, ja se on mit\u00e4t\u00f6n lain kielt\u00e4miss\u00e4 paikoissa. Team Percheet Oy:n (Team Percheet) (&#8221;J\u00e4rjest\u00e4j\u00e4&#8221;) t\u00e4ysp\u00e4iv\u00e4iset ja osa-aikaiset ty\u00f6ntekij\u00e4t, sen tavarantoimittajat sek\u00e4 heid\u00e4n [&hellip;]<\/p>\n","protected":false},"author":2,"featured_media":0,"parent":0,"menu_order":0,"comment_status":"closed","ping_status":"closed","template":"","meta":{"footnotes":""},"class_list":["post-5353","page","type-page","status-publish","hentry"],"blocksy_meta":[],"yoast_head":"<!-- This site is optimized with the Yoast SEO plugin v27.3 - https:\/\/yoast.com\/product\/yoast-seo-wordpress\/ -->\n<title>Arvonnan ehdot ja s\u00e4\u00e4nn\u00f6t - Team Percheet \u2013 Laadukkaat kalastustarvikkeet ja venevarusteet<\/title>\n<meta name=\"robots\" content=\"index, follow, max-snippet:-1, max-image-preview:large, max-video-preview:-1\" \/>\n<link rel=\"canonical\" href=\"https:\/\/teampercheet.fi\/store\/arvonnan-ehdot-ja-saannot\/\" \/>\n<meta property=\"og:locale\" content=\"fi_FI\" \/>\n<meta property=\"og:type\" content=\"article\" \/>\n<meta property=\"og:title\" content=\"Arvonnan ehdot ja s\u00e4\u00e4nn\u00f6t - Team Percheet \u2013 Laadukkaat kalastustarvikkeet ja venevarusteet\" \/>\n<meta property=\"og:description\" content=\"S\u00e4\u00e4nn\u00f6t ja ehdot: ICesled Giveaway &#8211; arvonta Osallistumiskelpoisuus:\u00a0Arvontaan (&#8221;Arvonta&#8221;) voivat osallistua vain ne henkil\u00f6t, jotka tekev\u00e4t tilauksen verkkokaupassa osallistumishetkell\u00e4. Arvonta on avoin Euroopan unionin j\u00e4senvaltioiden, Islannin, Norjan, Yhdistyneen kuningaskunnan ja Sveitsin laillisesti asuville kansalaisille, ja se on mit\u00e4t\u00f6n lain kielt\u00e4miss\u00e4 paikoissa. Team Percheet Oy:n (Team Percheet) (&#8221;J\u00e4rjest\u00e4j\u00e4&#8221;) t\u00e4ysp\u00e4iv\u00e4iset ja osa-aikaiset ty\u00f6ntekij\u00e4t, sen tavarantoimittajat sek\u00e4 heid\u00e4n [&hellip;]\" \/>\n<meta property=\"og:url\" content=\"https:\/\/teampercheet.fi\/store\/arvonnan-ehdot-ja-saannot\/\" \/>\n<meta property=\"og:site_name\" content=\"Team Percheet \u2013 Laadukkaat kalastustarvikkeet ja venevarusteet\" \/>\n<meta property=\"article:modified_time\" content=\"2026-01-14T09:28:30+00:00\" \/>\n<meta name=\"twitter:card\" content=\"summary_large_image\" \/>\n<meta name=\"twitter:label1\" content=\"Arvioitu lukuaika\" \/>\n\t<meta name=\"twitter:data1\" content=\"3 minuuttia\" \/>\n<script type=\"application\/ld+json\" class=\"yoast-schema-graph\">{\"@context\":\"https:\\\/\\\/schema.org\",\"@graph\":[{\"@type\":\"WebPage\",\"@id\":\"https:\\\/\\\/teampercheet.fi\\\/store\\\/arvonnan-ehdot-ja-saannot\\\/\",\"url\":\"https:\\\/\\\/teampercheet.fi\\\/store\\\/arvonnan-ehdot-ja-saannot\\\/\",\"name\":\"Arvonnan ehdot ja s\u00e4\u00e4nn\u00f6t - Team Percheet \u2013 Laadukkaat kalastustarvikkeet ja venevarusteet\",\"isPartOf\":{\"@id\":\"https:\\\/\\\/teampercheet.fi\\\/store\\\/#website\"},\"datePublished\":\"2025-11-12T20:45:59+00:00\",\"dateModified\":\"2026-01-14T09:28:30+00:00\",\"breadcrumb\":{\"@id\":\"https:\\\/\\\/teampercheet.fi\\\/store\\\/arvonnan-ehdot-ja-saannot\\\/#breadcrumb\"},\"inLanguage\":\"fi\",\"potentialAction\":[{\"@type\":\"ReadAction\",\"target\":[\"https:\\\/\\\/teampercheet.fi\\\/store\\\/arvonnan-ehdot-ja-saannot\\\/\"]}]},{\"@type\":\"BreadcrumbList\",\"@id\":\"https:\\\/\\\/teampercheet.fi\\\/store\\\/arvonnan-ehdot-ja-saannot\\\/#breadcrumb\",\"itemListElement\":[{\"@type\":\"ListItem\",\"position\":1,\"name\":\"Etusivu\",\"item\":\"https:\\\/\\\/teampercheet.fi\\\/store\\\/\"},{\"@type\":\"ListItem\",\"position\":2,\"name\":\"Arvonnan ehdot ja s\u00e4\u00e4nn\u00f6t\"}]},{\"@type\":\"WebSite\",\"@id\":\"https:\\\/\\\/teampercheet.fi\\\/store\\\/#website\",\"url\":\"https:\\\/\\\/teampercheet.fi\\\/store\\\/\",\"name\":\"Team Percheet \u2013 Laadukkaat kalastustarvikkeet ja venevarusteet\",\"description\":\"Tutustu Percheet Gearin kattavaan valikoimaan. Kest\u00e4v\u00e4t venevarusteet, juomatelineet, anturikiinnikkeet ja anturisuojat veneilyyn ja\u00a0kalastukseen.\",\"publisher\":{\"@id\":\"https:\\\/\\\/teampercheet.fi\\\/store\\\/#organization\"},\"potentialAction\":[{\"@type\":\"SearchAction\",\"target\":{\"@type\":\"EntryPoint\",\"urlTemplate\":\"https:\\\/\\\/teampercheet.fi\\\/store\\\/?s={search_term_string}\"},\"query-input\":{\"@type\":\"PropertyValueSpecification\",\"valueRequired\":true,\"valueName\":\"search_term_string\"}}],\"inLanguage\":\"fi\"},{\"@type\":\"Organization\",\"@id\":\"https:\\\/\\\/teampercheet.fi\\\/store\\\/#organization\",\"name\":\"Team Percheet \u2013 Laadukkaat kalastustarvikkeet ja venevarusteet\",\"url\":\"https:\\\/\\\/teampercheet.fi\\\/store\\\/\",\"logo\":{\"@type\":\"ImageObject\",\"inLanguage\":\"fi\",\"@id\":\"https:\\\/\\\/teampercheet.fi\\\/store\\\/#\\\/schema\\\/logo\\\/image\\\/\",\"url\":\"https:\\\/\\\/teampercheet.fi\\\/store\\\/wp-content\\\/uploads\\\/2024\\\/10\\\/logo-tpc.png\",\"contentUrl\":\"https:\\\/\\\/teampercheet.fi\\\/store\\\/wp-content\\\/uploads\\\/2024\\\/10\\\/logo-tpc.png\",\"width\":1268,\"height\":211,\"caption\":\"Team Percheet \u2013 Laadukkaat kalastustarvikkeet ja venevarusteet\"},\"image\":{\"@id\":\"https:\\\/\\\/teampercheet.fi\\\/store\\\/#\\\/schema\\\/logo\\\/image\\\/\"}}]}<\/script>\n<!-- \/ Yoast SEO plugin. -->","yoast_head_json":{"title":"Arvonnan ehdot ja s\u00e4\u00e4nn\u00f6t - Team Percheet \u2013 Laadukkaat kalastustarvikkeet ja venevarusteet","robots":{"index":"index","follow":"follow","max-snippet":"max-snippet:-1","max-image-preview":"max-image-preview:large","max-video-preview":"max-video-preview:-1"},"canonical":"https:\/\/teampercheet.fi\/store\/arvonnan-ehdot-ja-saannot\/","og_locale":"fi_FI","og_type":"article","og_title":"Arvonnan ehdot ja s\u00e4\u00e4nn\u00f6t - Team Percheet \u2013 Laadukkaat kalastustarvikkeet ja venevarusteet","og_description":"S\u00e4\u00e4nn\u00f6t ja ehdot: ICesled Giveaway &#8211; arvonta Osallistumiskelpoisuus:\u00a0Arvontaan (&#8221;Arvonta&#8221;) voivat osallistua vain ne henkil\u00f6t, jotka tekev\u00e4t tilauksen verkkokaupassa osallistumishetkell\u00e4. Arvonta on avoin Euroopan unionin j\u00e4senvaltioiden, Islannin, Norjan, Yhdistyneen kuningaskunnan ja Sveitsin laillisesti asuville kansalaisille, ja se on mit\u00e4t\u00f6n lain kielt\u00e4miss\u00e4 paikoissa. Team Percheet Oy:n (Team Percheet) (&#8221;J\u00e4rjest\u00e4j\u00e4&#8221;) t\u00e4ysp\u00e4iv\u00e4iset ja osa-aikaiset ty\u00f6ntekij\u00e4t, sen tavarantoimittajat sek\u00e4 heid\u00e4n [&hellip;]","og_url":"https:\/\/teampercheet.fi\/store\/arvonnan-ehdot-ja-saannot\/","og_site_name":"Team Percheet \u2013 Laadukkaat kalastustarvikkeet ja venevarusteet","article_modified_time":"2026-01-14T09:28:30+00:00","twitter_card":"summary_large_image","twitter_misc":{"Arvioitu lukuaika":"3 minuuttia"},"schema":{"@context":"https:\/\/schema.org","@graph":[{"@type":"WebPage","@id":"https:\/\/teampercheet.fi\/store\/arvonnan-ehdot-ja-saannot\/","url":"https:\/\/teampercheet.fi\/store\/arvonnan-ehdot-ja-saannot\/","name":"Arvonnan ehdot ja s\u00e4\u00e4nn\u00f6t - Team Percheet \u2013 Laadukkaat kalastustarvikkeet ja venevarusteet","isPartOf":{"@id":"https:\/\/teampercheet.fi\/store\/#website"},"datePublished":"2025-11-12T20:45:59+00:00","dateModified":"2026-01-14T09:28:30+00:00","breadcrumb":{"@id":"https:\/\/teampercheet.fi\/store\/arvonnan-ehdot-ja-saannot\/#breadcrumb"},"inLanguage":"fi","potentialAction":[{"@type":"ReadAction","target":["https:\/\/teampercheet.fi\/store\/arvonnan-ehdot-ja-saannot\/"]}]},{"@type":"BreadcrumbList","@id":"https:\/\/teampercheet.fi\/store\/arvonnan-ehdot-ja-saannot\/#breadcrumb","itemListElement":[{"@type":"ListItem","position":1,"name":"Etusivu","item":"https:\/\/teampercheet.fi\/store\/"},{"@type":"ListItem","position":2,"name":"Arvonnan ehdot ja s\u00e4\u00e4nn\u00f6t"}]},{"@type":"WebSite","@id":"https:\/\/teampercheet.fi\/store\/#website","url":"https:\/\/teampercheet.fi\/store\/","name":"Team Percheet \u2013 Laadukkaat kalastustarvikkeet ja venevarusteet","description":"Tutustu Percheet Gearin kattavaan valikoimaan. Kest\u00e4v\u00e4t venevarusteet, juomatelineet, anturikiinnikkeet ja anturisuojat veneilyyn ja\u00a0kalastukseen.","publisher":{"@id":"https:\/\/teampercheet.fi\/store\/#organization"},"potentialAction":[{"@type":"SearchAction","target":{"@type":"EntryPoint","urlTemplate":"https:\/\/teampercheet.fi\/store\/?s={search_term_string}"},"query-input":{"@type":"PropertyValueSpecification","valueRequired":true,"valueName":"search_term_string"}}],"inLanguage":"fi"},{"@type":"Organization","@id":"https:\/\/teampercheet.fi\/store\/#organization","name":"Team Percheet \u2013 Laadukkaat kalastustarvikkeet ja venevarusteet","url":"https:\/\/teampercheet.fi\/store\/","logo":{"@type":"ImageObject","inLanguage":"fi","@id":"https:\/\/teampercheet.fi\/store\/#\/schema\/logo\/image\/","url":"https:\/\/teampercheet.fi\/store\/wp-content\/uploads\/2024\/10\/logo-tpc.png","contentUrl":"https:\/\/teampercheet.fi\/store\/wp-content\/uploads\/2024\/10\/logo-tpc.png","width":1268,"height":211,"caption":"Team Percheet \u2013 Laadukkaat kalastustarvikkeet ja venevarusteet"},"image":{"@id":"https:\/\/teampercheet.fi\/store\/#\/schema\/logo\/image\/"}}]}},"_links":{"self":[{"href":"https:\/\/teampercheet.fi\/store\/wp-json\/wp\/v2\/pages\/5353","targetHints":{"allow":["GET"]}}],"collection":[{"href":"https:\/\/teampercheet.fi\/store\/wp-json\/wp\/v2\/pages"}],"about":[{"href":"https:\/\/teampercheet.fi\/store\/wp-json\/wp\/v2\/types\/page"}],"author":[{"embeddable":true,"href":"https:\/\/teampercheet.fi\/store\/wp-json\/wp\/v2\/users\/2"}],"replies":[{"embeddable":true,"href":"https:\/\/teampercheet.fi\/store\/wp-json\/wp\/v2\/comments?post=5353"}],"version-history":[{"count":13,"href":"https:\/\/teampercheet.fi\/store\/wp-json\/wp\/v2\/pages\/5353\/revisions"}],"predecessor-version":[{"id":6494,"href":"https:\/\/teampercheet.fi\/store\/wp-json\/wp\/v2\/pages\/5353\/revisions\/6494"}],"wp:attachment":[{"href":"https:\/\/teampercheet.fi\/store\/wp-json\/wp\/v2\/media?parent=5353"}],"curies":[{"name":"wp","href":"https:\/\/api.w.org\/{rel}","templated":true}]}}