{"id":914,"date":"2024-10-28T19:52:25","date_gmt":"2024-10-28T17:52:25","guid":{"rendered":"https:\/\/teampercheet.fi\/store\/?page_id=914"},"modified":"2024-11-06T08:14:53","modified_gmt":"2024-11-06T06:14:53","slug":"tuoteen-palautus","status":"publish","type":"page","link":"https:\/\/teampercheet.fi\/store\/tuoteen-palautus\/","title":{"rendered":"Tuoteen palautus"},"content":{"rendered":"\t\t<div data-elementor-type=\"wp-page\" data-elementor-id=\"914\" class=\"elementor elementor-914\">\n\t\t\t\t<div class=\"elementor-element elementor-element-34ba0ef e-flex e-con-boxed e-con e-parent\" data-id=\"34ba0ef\" data-element_type=\"container\">\n\t\t\t\t\t<div class=\"e-con-inner\">\n\t\t\t\t<div class=\"elementor-element elementor-element-5d9978c elementor-widget elementor-widget-heading\" data-id=\"5d9978c\" data-element_type=\"widget\" data-widget_type=\"heading.default\">\n\t\t\t\t<div class=\"elementor-widget-container\">\n\t\t\t\t\t<h2 class=\"elementor-heading-title elementor-size-default\">Tuoteen palautus<\/h2>\t\t\t\t<\/div>\n\t\t\t\t<\/div>\n\t\t\t\t<div class=\"elementor-element elementor-element-51f3bc7 elementor-widget elementor-widget-text-editor\" data-id=\"51f3bc7\" data-element_type=\"widget\" data-widget_type=\"text-editor.default\">\n\t\t\t\t<div class=\"elementor-widget-container\">\n\t\t\t\t\t\t\t\t\t<p><strong>Palautusoikeus ja ohjeet:<\/strong><\/p><ol><li><p><strong>14 p\u00e4iv\u00e4n palautusoikeus<\/strong>: Verkkokaupastamme tilaamilla tuotteilla on kuluttajasuojalain mukainen 14 p\u00e4iv\u00e4n palautusoikeus.<\/p><\/li><li><p><strong>Palautusprosessi<\/strong>:<\/p><ul><li>T\u00e4yt\u00e4 l\u00e4hetyksen mukana tullut palautuslomake.<\/li><li>Pakkaa tuotteet huolellisesti.<\/li><li>Vie paketti postiin, jossa asiakaspalautustiedot l\u00f6ytyv\u00e4t nimell\u00e4mme.<\/li><\/ul><\/li><li><p><strong>Maksun palautus<\/strong>: Kun palautus saapuu meille, hyvit\u00e4mme maksun mahdollisimman nopeasti Paytrailin maksuj\u00e4rjestelm\u00e4n kautta.<\/p><\/li><li><p><strong>Palautuksen kustannukset<\/strong>:<\/p><ul><li><strong>Ilmainen palautus<\/strong>: Normaaleille postipaketeille.<\/li><li><strong>Noutamatta j\u00e4\u00e4neet tilaukset<\/strong>: Jos tilausta ei noudeta, se ei automaattisesti vastaa palautusta. Noutamattomien pakettien k\u00e4sittelyst\u00e4 perit\u00e4\u00e4n 10 \u20ac k\u00e4sittelymaksu.<\/li><li><strong>Uudelleenl\u00e4hetykset<\/strong>: Noutamattoman paketin uudelleenl\u00e4hetys maksaa 6 \u20ac.<\/li><\/ul><\/li><li><p><strong>Palautuksen aikaraja<\/strong>: Palautus on rekister\u00f6idytt\u00e4v\u00e4 postin kuljetukseen 14 p\u00e4iv\u00e4n sis\u00e4ll\u00e4 siit\u00e4, kun palautusilmoitus on tehty.<\/p><\/li><li><p><strong>Kysytt\u00e4v\u00e4\u00e4?<\/strong> Ota yhteytt\u00e4 s\u00e4hk\u00f6postitse: <a rel=\"noopener\">teampercheet@gmail.com<\/a>.<\/p><\/li><\/ol>\t\t\t\t\t\t\t\t<\/div>\n\t\t\t\t<\/div>\n\t\t\t\t\t<\/div>\n\t\t\t\t<\/div>\n\t\t\t\t<\/div>\n\t\t","protected":false},"excerpt":{"rendered":"<p>Tuoteen palautus Palautusoikeus ja ohjeet: 14 p\u00e4iv\u00e4n palautusoikeus: Verkkokaupastamme tilaamilla tuotteilla on kuluttajasuojalain mukainen 14 p\u00e4iv\u00e4n palautusoikeus. Palautusprosessi: T\u00e4yt\u00e4 l\u00e4hetyksen mukana tullut palautuslomake. Pakkaa tuotteet huolellisesti. Vie paketti postiin, jossa asiakaspalautustiedot l\u00f6ytyv\u00e4t nimell\u00e4mme. Maksun palautus: Kun palautus saapuu meille, hyvit\u00e4mme maksun mahdollisimman nopeasti Paytrailin maksuj\u00e4rjestelm\u00e4n kautta. Palautuksen kustannukset: Ilmainen palautus: Normaaleille postipaketeille. Noutamatta j\u00e4\u00e4neet tilaukset: [&hellip;]<\/p>\n","protected":false},"author":1,"featured_media":0,"parent":0,"menu_order":0,"comment_status":"closed","ping_status":"closed","template":"","meta":{"footnotes":""},"class_list":["post-914","page","type-page","status-publish","hentry"],"blocksy_meta":[],"yoast_head":"<!-- This site is optimized with the Yoast SEO plugin v27.3 - https:\/\/yoast.com\/product\/yoast-seo-wordpress\/ -->\n<title>Tuoteen palautus - Team Percheet \u2013 Laadukkaat kalastustarvikkeet ja venevarusteet<\/title>\n<meta name=\"robots\" content=\"index, follow, max-snippet:-1, max-image-preview:large, max-video-preview:-1\" \/>\n<link rel=\"canonical\" href=\"https:\/\/teampercheet.fi\/store\/tuoteen-palautus\/\" \/>\n<meta property=\"og:locale\" content=\"fi_FI\" \/>\n<meta property=\"og:type\" content=\"article\" \/>\n<meta property=\"og:title\" content=\"Tuoteen palautus - Team Percheet \u2013 Laadukkaat kalastustarvikkeet ja venevarusteet\" \/>\n<meta property=\"og:description\" content=\"Tuoteen palautus Palautusoikeus ja ohjeet: 14 p\u00e4iv\u00e4n palautusoikeus: Verkkokaupastamme tilaamilla tuotteilla on kuluttajasuojalain mukainen 14 p\u00e4iv\u00e4n palautusoikeus. Palautusprosessi: T\u00e4yt\u00e4 l\u00e4hetyksen mukana tullut palautuslomake. Pakkaa tuotteet huolellisesti. Vie paketti postiin, jossa asiakaspalautustiedot l\u00f6ytyv\u00e4t nimell\u00e4mme. Maksun palautus: Kun palautus saapuu meille, hyvit\u00e4mme maksun mahdollisimman nopeasti Paytrailin maksuj\u00e4rjestelm\u00e4n kautta. Palautuksen kustannukset: Ilmainen palautus: Normaaleille postipaketeille. Noutamatta j\u00e4\u00e4neet tilaukset: [&hellip;]\" \/>\n<meta property=\"og:url\" content=\"https:\/\/teampercheet.fi\/store\/tuoteen-palautus\/\" \/>\n<meta property=\"og:site_name\" content=\"Team Percheet \u2013 Laadukkaat kalastustarvikkeet ja venevarusteet\" \/>\n<meta property=\"article:modified_time\" content=\"2024-11-06T06:14:53+00:00\" \/>\n<meta name=\"twitter:card\" content=\"summary_large_image\" \/>\n<meta name=\"twitter:label1\" content=\"Arvioitu lukuaika\" \/>\n\t<meta name=\"twitter:data1\" content=\"1 minuutti\" \/>\n<script type=\"application\/ld+json\" class=\"yoast-schema-graph\">{\"@context\":\"https:\\\/\\\/schema.org\",\"@graph\":[{\"@type\":\"WebPage\",\"@id\":\"https:\\\/\\\/teampercheet.fi\\\/store\\\/tuoteen-palautus\\\/\",\"url\":\"https:\\\/\\\/teampercheet.fi\\\/store\\\/tuoteen-palautus\\\/\",\"name\":\"Tuoteen palautus - Team Percheet \u2013 Laadukkaat kalastustarvikkeet ja venevarusteet\",\"isPartOf\":{\"@id\":\"https:\\\/\\\/teampercheet.fi\\\/store\\\/#website\"},\"datePublished\":\"2024-10-28T17:52:25+00:00\",\"dateModified\":\"2024-11-06T06:14:53+00:00\",\"breadcrumb\":{\"@id\":\"https:\\\/\\\/teampercheet.fi\\\/store\\\/tuoteen-palautus\\\/#breadcrumb\"},\"inLanguage\":\"fi\",\"potentialAction\":[{\"@type\":\"ReadAction\",\"target\":[\"https:\\\/\\\/teampercheet.fi\\\/store\\\/tuoteen-palautus\\\/\"]}]},{\"@type\":\"BreadcrumbList\",\"@id\":\"https:\\\/\\\/teampercheet.fi\\\/store\\\/tuoteen-palautus\\\/#breadcrumb\",\"itemListElement\":[{\"@type\":\"ListItem\",\"position\":1,\"name\":\"Etusivu\",\"item\":\"https:\\\/\\\/teampercheet.fi\\\/store\\\/\"},{\"@type\":\"ListItem\",\"position\":2,\"name\":\"Tuoteen palautus\"}]},{\"@type\":\"WebSite\",\"@id\":\"https:\\\/\\\/teampercheet.fi\\\/store\\\/#website\",\"url\":\"https:\\\/\\\/teampercheet.fi\\\/store\\\/\",\"name\":\"Team Percheet \u2013 Laadukkaat kalastustarvikkeet ja venevarusteet\",\"description\":\"Tutustu Percheet Gearin kattavaan valikoimaan. Kest\u00e4v\u00e4t venevarusteet, juomatelineet, anturikiinnikkeet ja anturisuojat veneilyyn ja\u00a0kalastukseen.\",\"publisher\":{\"@id\":\"https:\\\/\\\/teampercheet.fi\\\/store\\\/#organization\"},\"potentialAction\":[{\"@type\":\"SearchAction\",\"target\":{\"@type\":\"EntryPoint\",\"urlTemplate\":\"https:\\\/\\\/teampercheet.fi\\\/store\\\/?s={search_term_string}\"},\"query-input\":{\"@type\":\"PropertyValueSpecification\",\"valueRequired\":true,\"valueName\":\"search_term_string\"}}],\"inLanguage\":\"fi\"},{\"@type\":\"Organization\",\"@id\":\"https:\\\/\\\/teampercheet.fi\\\/store\\\/#organization\",\"name\":\"Team Percheet \u2013 Laadukkaat kalastustarvikkeet ja venevarusteet\",\"url\":\"https:\\\/\\\/teampercheet.fi\\\/store\\\/\",\"logo\":{\"@type\":\"ImageObject\",\"inLanguage\":\"fi\",\"@id\":\"https:\\\/\\\/teampercheet.fi\\\/store\\\/#\\\/schema\\\/logo\\\/image\\\/\",\"url\":\"https:\\\/\\\/teampercheet.fi\\\/store\\\/wp-content\\\/uploads\\\/2024\\\/10\\\/logo-tpc.png\",\"contentUrl\":\"https:\\\/\\\/teampercheet.fi\\\/store\\\/wp-content\\\/uploads\\\/2024\\\/10\\\/logo-tpc.png\",\"width\":1268,\"height\":211,\"caption\":\"Team Percheet \u2013 Laadukkaat kalastustarvikkeet ja venevarusteet\"},\"image\":{\"@id\":\"https:\\\/\\\/teampercheet.fi\\\/store\\\/#\\\/schema\\\/logo\\\/image\\\/\"}}]}<\/script>\n<!-- \/ Yoast SEO plugin. -->","yoast_head_json":{"title":"Tuoteen palautus - Team Percheet \u2013 Laadukkaat kalastustarvikkeet ja venevarusteet","robots":{"index":"index","follow":"follow","max-snippet":"max-snippet:-1","max-image-preview":"max-image-preview:large","max-video-preview":"max-video-preview:-1"},"canonical":"https:\/\/teampercheet.fi\/store\/tuoteen-palautus\/","og_locale":"fi_FI","og_type":"article","og_title":"Tuoteen palautus - Team Percheet \u2013 Laadukkaat kalastustarvikkeet ja venevarusteet","og_description":"Tuoteen palautus Palautusoikeus ja ohjeet: 14 p\u00e4iv\u00e4n palautusoikeus: Verkkokaupastamme tilaamilla tuotteilla on kuluttajasuojalain mukainen 14 p\u00e4iv\u00e4n palautusoikeus. Palautusprosessi: T\u00e4yt\u00e4 l\u00e4hetyksen mukana tullut palautuslomake. Pakkaa tuotteet huolellisesti. Vie paketti postiin, jossa asiakaspalautustiedot l\u00f6ytyv\u00e4t nimell\u00e4mme. Maksun palautus: Kun palautus saapuu meille, hyvit\u00e4mme maksun mahdollisimman nopeasti Paytrailin maksuj\u00e4rjestelm\u00e4n kautta. Palautuksen kustannukset: Ilmainen palautus: Normaaleille postipaketeille. Noutamatta j\u00e4\u00e4neet tilaukset: [&hellip;]","og_url":"https:\/\/teampercheet.fi\/store\/tuoteen-palautus\/","og_site_name":"Team Percheet \u2013 Laadukkaat kalastustarvikkeet ja venevarusteet","article_modified_time":"2024-11-06T06:14:53+00:00","twitter_card":"summary_large_image","twitter_misc":{"Arvioitu lukuaika":"1 minuutti"},"schema":{"@context":"https:\/\/schema.org","@graph":[{"@type":"WebPage","@id":"https:\/\/teampercheet.fi\/store\/tuoteen-palautus\/","url":"https:\/\/teampercheet.fi\/store\/tuoteen-palautus\/","name":"Tuoteen palautus - Team Percheet \u2013 Laadukkaat kalastustarvikkeet ja venevarusteet","isPartOf":{"@id":"https:\/\/teampercheet.fi\/store\/#website"},"datePublished":"2024-10-28T17:52:25+00:00","dateModified":"2024-11-06T06:14:53+00:00","breadcrumb":{"@id":"https:\/\/teampercheet.fi\/store\/tuoteen-palautus\/#breadcrumb"},"inLanguage":"fi","potentialAction":[{"@type":"ReadAction","target":["https:\/\/teampercheet.fi\/store\/tuoteen-palautus\/"]}]},{"@type":"BreadcrumbList","@id":"https:\/\/teampercheet.fi\/store\/tuoteen-palautus\/#breadcrumb","itemListElement":[{"@type":"ListItem","position":1,"name":"Etusivu","item":"https:\/\/teampercheet.fi\/store\/"},{"@type":"ListItem","position":2,"name":"Tuoteen palautus"}]},{"@type":"WebSite","@id":"https:\/\/teampercheet.fi\/store\/#website","url":"https:\/\/teampercheet.fi\/store\/","name":"Team Percheet \u2013 Laadukkaat kalastustarvikkeet ja venevarusteet","description":"Tutustu Percheet Gearin kattavaan valikoimaan. Kest\u00e4v\u00e4t venevarusteet, juomatelineet, anturikiinnikkeet ja anturisuojat veneilyyn ja\u00a0kalastukseen.","publisher":{"@id":"https:\/\/teampercheet.fi\/store\/#organization"},"potentialAction":[{"@type":"SearchAction","target":{"@type":"EntryPoint","urlTemplate":"https:\/\/teampercheet.fi\/store\/?s={search_term_string}"},"query-input":{"@type":"PropertyValueSpecification","valueRequired":true,"valueName":"search_term_string"}}],"inLanguage":"fi"},{"@type":"Organization","@id":"https:\/\/teampercheet.fi\/store\/#organization","name":"Team Percheet \u2013 Laadukkaat kalastustarvikkeet ja venevarusteet","url":"https:\/\/teampercheet.fi\/store\/","logo":{"@type":"ImageObject","inLanguage":"fi","@id":"https:\/\/teampercheet.fi\/store\/#\/schema\/logo\/image\/","url":"https:\/\/teampercheet.fi\/store\/wp-content\/uploads\/2024\/10\/logo-tpc.png","contentUrl":"https:\/\/teampercheet.fi\/store\/wp-content\/uploads\/2024\/10\/logo-tpc.png","width":1268,"height":211,"caption":"Team Percheet \u2013 Laadukkaat kalastustarvikkeet ja venevarusteet"},"image":{"@id":"https:\/\/teampercheet.fi\/store\/#\/schema\/logo\/image\/"}}]}},"_links":{"self":[{"href":"https:\/\/teampercheet.fi\/store\/wp-json\/wp\/v2\/pages\/914","targetHints":{"allow":["GET"]}}],"collection":[{"href":"https:\/\/teampercheet.fi\/store\/wp-json\/wp\/v2\/pages"}],"about":[{"href":"https:\/\/teampercheet.fi\/store\/wp-json\/wp\/v2\/types\/page"}],"author":[{"embeddable":true,"href":"https:\/\/teampercheet.fi\/store\/wp-json\/wp\/v2\/users\/1"}],"replies":[{"embeddable":true,"href":"https:\/\/teampercheet.fi\/store\/wp-json\/wp\/v2\/comments?post=914"}],"version-history":[{"count":8,"href":"https:\/\/teampercheet.fi\/store\/wp-json\/wp\/v2\/pages\/914\/revisions"}],"predecessor-version":[{"id":1722,"href":"https:\/\/teampercheet.fi\/store\/wp-json\/wp\/v2\/pages\/914\/revisions\/1722"}],"wp:attachment":[{"href":"https:\/\/teampercheet.fi\/store\/wp-json\/wp\/v2\/media?parent=914"}],"curies":[{"name":"wp","href":"https:\/\/api.w.org\/{rel}","templated":true}]}}