{"id":3318,"date":"2025-01-23T11:04:50","date_gmt":"2025-01-23T09:04:50","guid":{"rendered":"https:\/\/teampercheet.fi\/store\/?post_type=product&#038;p=3318"},"modified":"2026-01-12T22:18:00","modified_gmt":"2026-01-12T20:18:00","slug":"percheet-lahjakortti","status":"publish","type":"product","link":"https:\/\/teampercheet.fi\/store\/tuote\/percheet-lahjakortti\/","title":{"rendered":"PERCHEET  Lahjakortti"},"content":{"rendered":"","protected":false},"excerpt":{"rendered":"<p><strong>Team Percheetin lahjakortti!<\/strong><\/p>\n<p>Varmin tapa yll\u00e4tt\u00e4\u00e4 kalastuksen yst\u00e4v\u00e4, puoliso tai perheenj\u00e4sen jos et tied\u00e4 varmaksi mit\u00e4 h\u00e4n haluaa. T\u00e4m\u00e4 lahjakortti sopii niin yst\u00e4v\u00e4np\u00e4iv\u00e4n, \u00e4itienp\u00e4iv\u00e4n, is\u00e4np\u00e4iv\u00e4n, kuin syntym\u00e4p\u00e4iv\u00e4n muistamiseen kuin my\u00f6s joululahjana annettavaksi.<\/p>\n<p>Lahjakortti postitetaan konkreettisesti tilaajalle pelkistetyn mustan kirjekuoren kanssa. Lahjakortin viesti, l\u00e4hett\u00e4j\u00e4n ja vastaanottajan kohdat j\u00e4\u00e4v\u00e4t tilaajalle itselle t\u00e4ytett\u00e4v\u00e4ksi.<\/p>\n","protected":false},"featured_media":3319,"comment_status":"open","ping_status":"closed","template":"","meta":[],"product_brand":[],"product_cat":[24,299,778],"product_tag":[214,219,215,218,216,217,211,210,209,220,35,212,213],"class_list":{"0":"post-3318","1":"product","2":"type-product","3":"status-publish","4":"has-post-thumbnail","6":"product_cat-merch","7":"product_cat-muut","8":"product_cat-suosittelemme","9":"product_tag-aitienpaiva","10":"product_tag-aitienpaivalahja","11":"product_tag-isanpaiva","12":"product_tag-isanpaivalahja","13":"product_tag-joulu","14":"product_tag-joululahja","15":"product_tag-kalastus-lahjakortti","16":"product_tag-kalastuslahjakortti","17":"product_tag-lahjakortti","18":"product_tag-syntymapaivalahja","19":"product_tag-team-percheet","20":"product_tag-urheilu-lahjakortti","21":"product_tag-ystavanpaiva","23":"first","24":"instock","25":"taxable","26":"shipping-taxable","27":"purchasable","28":"product-type-variable"},"yoast_head":"<!-- This site is optimized with the Yoast SEO plugin v27.3 - https:\/\/yoast.com\/product\/yoast-seo-wordpress\/ -->\n<title>PERCHEET Lahjakortti - Team Percheet \u2013 Laadukkaat kalastustarvikkeet ja venevarusteet<\/title>\n<meta name=\"robots\" content=\"index, follow, max-snippet:-1, max-image-preview:large, max-video-preview:-1\" \/>\n<link rel=\"canonical\" href=\"https:\/\/teampercheet.fi\/store\/tuote\/percheet-lahjakortti\/\" \/>\n<meta property=\"og:locale\" content=\"fi_FI\" \/>\n<meta property=\"og:type\" content=\"article\" \/>\n<meta property=\"og:title\" content=\"PERCHEET Lahjakortti - Team Percheet \u2013 Laadukkaat kalastustarvikkeet ja venevarusteet\" \/>\n<meta property=\"og:description\" content=\"Team Percheetin lahjakortti!  Varmin tapa yll\u00e4tt\u00e4\u00e4 kalastuksen yst\u00e4v\u00e4, puoliso tai perheenj\u00e4sen jos et tied\u00e4 varmaksi mit\u00e4 h\u00e4n haluaa. T\u00e4m\u00e4 lahjakortti sopii niin yst\u00e4v\u00e4np\u00e4iv\u00e4n, \u00e4itienp\u00e4iv\u00e4n, is\u00e4np\u00e4iv\u00e4n, kuin syntym\u00e4p\u00e4iv\u00e4n muistamiseen kuin my\u00f6s joululahjana annettavaksi.  Lahjakortti postitetaan konkreettisesti tilaajalle pelkistetyn mustan kirjekuoren kanssa. Lahjakortin viesti, l\u00e4hett\u00e4j\u00e4n ja vastaanottajan kohdat j\u00e4\u00e4v\u00e4t tilaajalle itselle t\u00e4ytett\u00e4v\u00e4ksi.\" \/>\n<meta property=\"og:url\" content=\"https:\/\/teampercheet.fi\/store\/tuote\/percheet-lahjakortti\/\" \/>\n<meta property=\"og:site_name\" content=\"Team Percheet \u2013 Laadukkaat kalastustarvikkeet ja venevarusteet\" \/>\n<meta property=\"article:modified_time\" content=\"2026-01-12T20:18:00+00:00\" \/>\n<meta property=\"og:image\" content=\"https:\/\/teampercheet.fi\/store\/wp-content\/uploads\/2025\/01\/Team-Percheet-lahjakortti.jpg\" \/>\n\t<meta property=\"og:image:width\" content=\"1000\" \/>\n\t<meta property=\"og:image:height\" content=\"1000\" \/>\n\t<meta property=\"og:image:type\" content=\"image\/jpeg\" \/>\n<meta name=\"twitter:card\" content=\"summary_large_image\" \/>\n<script type=\"application\/ld+json\" class=\"yoast-schema-graph\">{\"@context\":\"https:\\\/\\\/schema.org\",\"@graph\":[{\"@type\":\"WebPage\",\"@id\":\"https:\\\/\\\/teampercheet.fi\\\/store\\\/tuote\\\/percheet-lahjakortti\\\/\",\"url\":\"https:\\\/\\\/teampercheet.fi\\\/store\\\/tuote\\\/percheet-lahjakortti\\\/\",\"name\":\"PERCHEET Lahjakortti - Team Percheet \u2013 Laadukkaat kalastustarvikkeet ja venevarusteet\",\"isPartOf\":{\"@id\":\"https:\\\/\\\/teampercheet.fi\\\/store\\\/#website\"},\"primaryImageOfPage\":{\"@id\":\"https:\\\/\\\/teampercheet.fi\\\/store\\\/tuote\\\/percheet-lahjakortti\\\/#primaryimage\"},\"image\":{\"@id\":\"https:\\\/\\\/teampercheet.fi\\\/store\\\/tuote\\\/percheet-lahjakortti\\\/#primaryimage\"},\"thumbnailUrl\":\"https:\\\/\\\/teampercheet.fi\\\/store\\\/wp-content\\\/uploads\\\/2025\\\/01\\\/Team-Percheet-lahjakortti.jpg\",\"datePublished\":\"2025-01-23T09:04:50+00:00\",\"dateModified\":\"2026-01-12T20:18:00+00:00\",\"breadcrumb\":{\"@id\":\"https:\\\/\\\/teampercheet.fi\\\/store\\\/tuote\\\/percheet-lahjakortti\\\/#breadcrumb\"},\"inLanguage\":\"fi\",\"potentialAction\":[{\"@type\":\"ReadAction\",\"target\":[\"https:\\\/\\\/teampercheet.fi\\\/store\\\/tuote\\\/percheet-lahjakortti\\\/\"]}]},{\"@type\":\"ImageObject\",\"inLanguage\":\"fi\",\"@id\":\"https:\\\/\\\/teampercheet.fi\\\/store\\\/tuote\\\/percheet-lahjakortti\\\/#primaryimage\",\"url\":\"https:\\\/\\\/teampercheet.fi\\\/store\\\/wp-content\\\/uploads\\\/2025\\\/01\\\/Team-Percheet-lahjakortti.jpg\",\"contentUrl\":\"https:\\\/\\\/teampercheet.fi\\\/store\\\/wp-content\\\/uploads\\\/2025\\\/01\\\/Team-Percheet-lahjakortti.jpg\",\"width\":1000,\"height\":1000},{\"@type\":\"BreadcrumbList\",\"@id\":\"https:\\\/\\\/teampercheet.fi\\\/store\\\/tuote\\\/percheet-lahjakortti\\\/#breadcrumb\",\"itemListElement\":[{\"@type\":\"ListItem\",\"position\":1,\"name\":\"Etusivu\",\"item\":\"https:\\\/\\\/teampercheet.fi\\\/store\\\/\"},{\"@type\":\"ListItem\",\"position\":2,\"name\":\"Kauppa\",\"item\":\"https:\\\/\\\/teampercheet.fi\\\/store\\\/kauppa\\\/\"},{\"@type\":\"ListItem\",\"position\":3,\"name\":\"PERCHEET Lahjakortti\"}]},{\"@type\":\"WebSite\",\"@id\":\"https:\\\/\\\/teampercheet.fi\\\/store\\\/#website\",\"url\":\"https:\\\/\\\/teampercheet.fi\\\/store\\\/\",\"name\":\"Team Percheet \u2013 Laadukkaat kalastustarvikkeet ja venevarusteet\",\"description\":\"Tutustu Percheet Gearin kattavaan valikoimaan. Kest\u00e4v\u00e4t venevarusteet, juomatelineet, anturikiinnikkeet ja anturisuojat veneilyyn ja\u00a0kalastukseen.\",\"publisher\":{\"@id\":\"https:\\\/\\\/teampercheet.fi\\\/store\\\/#organization\"},\"potentialAction\":[{\"@type\":\"SearchAction\",\"target\":{\"@type\":\"EntryPoint\",\"urlTemplate\":\"https:\\\/\\\/teampercheet.fi\\\/store\\\/?s={search_term_string}\"},\"query-input\":{\"@type\":\"PropertyValueSpecification\",\"valueRequired\":true,\"valueName\":\"search_term_string\"}}],\"inLanguage\":\"fi\"},{\"@type\":\"Organization\",\"@id\":\"https:\\\/\\\/teampercheet.fi\\\/store\\\/#organization\",\"name\":\"Team Percheet \u2013 Laadukkaat kalastustarvikkeet ja venevarusteet\",\"url\":\"https:\\\/\\\/teampercheet.fi\\\/store\\\/\",\"logo\":{\"@type\":\"ImageObject\",\"inLanguage\":\"fi\",\"@id\":\"https:\\\/\\\/teampercheet.fi\\\/store\\\/#\\\/schema\\\/logo\\\/image\\\/\",\"url\":\"https:\\\/\\\/teampercheet.fi\\\/store\\\/wp-content\\\/uploads\\\/2024\\\/10\\\/logo-tpc.png\",\"contentUrl\":\"https:\\\/\\\/teampercheet.fi\\\/store\\\/wp-content\\\/uploads\\\/2024\\\/10\\\/logo-tpc.png\",\"width\":1268,\"height\":211,\"caption\":\"Team Percheet \u2013 Laadukkaat kalastustarvikkeet ja venevarusteet\"},\"image\":{\"@id\":\"https:\\\/\\\/teampercheet.fi\\\/store\\\/#\\\/schema\\\/logo\\\/image\\\/\"}}]}<\/script>\n<!-- \/ Yoast SEO plugin. -->","yoast_head_json":{"title":"PERCHEET Lahjakortti - Team Percheet \u2013 Laadukkaat kalastustarvikkeet ja venevarusteet","robots":{"index":"index","follow":"follow","max-snippet":"max-snippet:-1","max-image-preview":"max-image-preview:large","max-video-preview":"max-video-preview:-1"},"canonical":"https:\/\/teampercheet.fi\/store\/tuote\/percheet-lahjakortti\/","og_locale":"fi_FI","og_type":"article","og_title":"PERCHEET Lahjakortti - Team Percheet \u2013 Laadukkaat kalastustarvikkeet ja venevarusteet","og_description":"Team Percheetin lahjakortti!  Varmin tapa yll\u00e4tt\u00e4\u00e4 kalastuksen yst\u00e4v\u00e4, puoliso tai perheenj\u00e4sen jos et tied\u00e4 varmaksi mit\u00e4 h\u00e4n haluaa. T\u00e4m\u00e4 lahjakortti sopii niin yst\u00e4v\u00e4np\u00e4iv\u00e4n, \u00e4itienp\u00e4iv\u00e4n, is\u00e4np\u00e4iv\u00e4n, kuin syntym\u00e4p\u00e4iv\u00e4n muistamiseen kuin my\u00f6s joululahjana annettavaksi.  Lahjakortti postitetaan konkreettisesti tilaajalle pelkistetyn mustan kirjekuoren kanssa. Lahjakortin viesti, l\u00e4hett\u00e4j\u00e4n ja vastaanottajan kohdat j\u00e4\u00e4v\u00e4t tilaajalle itselle t\u00e4ytett\u00e4v\u00e4ksi.","og_url":"https:\/\/teampercheet.fi\/store\/tuote\/percheet-lahjakortti\/","og_site_name":"Team Percheet \u2013 Laadukkaat kalastustarvikkeet ja venevarusteet","article_modified_time":"2026-01-12T20:18:00+00:00","og_image":[{"width":1000,"height":1000,"url":"https:\/\/teampercheet.fi\/store\/wp-content\/uploads\/2025\/01\/Team-Percheet-lahjakortti.jpg","type":"image\/jpeg"}],"twitter_card":"summary_large_image","schema":{"@context":"https:\/\/schema.org","@graph":[{"@type":"WebPage","@id":"https:\/\/teampercheet.fi\/store\/tuote\/percheet-lahjakortti\/","url":"https:\/\/teampercheet.fi\/store\/tuote\/percheet-lahjakortti\/","name":"PERCHEET Lahjakortti - Team Percheet \u2013 Laadukkaat kalastustarvikkeet ja venevarusteet","isPartOf":{"@id":"https:\/\/teampercheet.fi\/store\/#website"},"primaryImageOfPage":{"@id":"https:\/\/teampercheet.fi\/store\/tuote\/percheet-lahjakortti\/#primaryimage"},"image":{"@id":"https:\/\/teampercheet.fi\/store\/tuote\/percheet-lahjakortti\/#primaryimage"},"thumbnailUrl":"https:\/\/teampercheet.fi\/store\/wp-content\/uploads\/2025\/01\/Team-Percheet-lahjakortti.jpg","datePublished":"2025-01-23T09:04:50+00:00","dateModified":"2026-01-12T20:18:00+00:00","breadcrumb":{"@id":"https:\/\/teampercheet.fi\/store\/tuote\/percheet-lahjakortti\/#breadcrumb"},"inLanguage":"fi","potentialAction":[{"@type":"ReadAction","target":["https:\/\/teampercheet.fi\/store\/tuote\/percheet-lahjakortti\/"]}]},{"@type":"ImageObject","inLanguage":"fi","@id":"https:\/\/teampercheet.fi\/store\/tuote\/percheet-lahjakortti\/#primaryimage","url":"https:\/\/teampercheet.fi\/store\/wp-content\/uploads\/2025\/01\/Team-Percheet-lahjakortti.jpg","contentUrl":"https:\/\/teampercheet.fi\/store\/wp-content\/uploads\/2025\/01\/Team-Percheet-lahjakortti.jpg","width":1000,"height":1000},{"@type":"BreadcrumbList","@id":"https:\/\/teampercheet.fi\/store\/tuote\/percheet-lahjakortti\/#breadcrumb","itemListElement":[{"@type":"ListItem","position":1,"name":"Etusivu","item":"https:\/\/teampercheet.fi\/store\/"},{"@type":"ListItem","position":2,"name":"Kauppa","item":"https:\/\/teampercheet.fi\/store\/kauppa\/"},{"@type":"ListItem","position":3,"name":"PERCHEET Lahjakortti"}]},{"@type":"WebSite","@id":"https:\/\/teampercheet.fi\/store\/#website","url":"https:\/\/teampercheet.fi\/store\/","name":"Team Percheet \u2013 Laadukkaat kalastustarvikkeet ja venevarusteet","description":"Tutustu Percheet Gearin kattavaan valikoimaan. Kest\u00e4v\u00e4t venevarusteet, juomatelineet, anturikiinnikkeet ja anturisuojat veneilyyn ja\u00a0kalastukseen.","publisher":{"@id":"https:\/\/teampercheet.fi\/store\/#organization"},"potentialAction":[{"@type":"SearchAction","target":{"@type":"EntryPoint","urlTemplate":"https:\/\/teampercheet.fi\/store\/?s={search_term_string}"},"query-input":{"@type":"PropertyValueSpecification","valueRequired":true,"valueName":"search_term_string"}}],"inLanguage":"fi"},{"@type":"Organization","@id":"https:\/\/teampercheet.fi\/store\/#organization","name":"Team Percheet \u2013 Laadukkaat kalastustarvikkeet ja venevarusteet","url":"https:\/\/teampercheet.fi\/store\/","logo":{"@type":"ImageObject","inLanguage":"fi","@id":"https:\/\/teampercheet.fi\/store\/#\/schema\/logo\/image\/","url":"https:\/\/teampercheet.fi\/store\/wp-content\/uploads\/2024\/10\/logo-tpc.png","contentUrl":"https:\/\/teampercheet.fi\/store\/wp-content\/uploads\/2024\/10\/logo-tpc.png","width":1268,"height":211,"caption":"Team Percheet \u2013 Laadukkaat kalastustarvikkeet ja venevarusteet"},"image":{"@id":"https:\/\/teampercheet.fi\/store\/#\/schema\/logo\/image\/"}}]}},"_links":{"self":[{"href":"https:\/\/teampercheet.fi\/store\/wp-json\/wp\/v2\/product\/3318","targetHints":{"allow":["GET"]}}],"collection":[{"href":"https:\/\/teampercheet.fi\/store\/wp-json\/wp\/v2\/product"}],"about":[{"href":"https:\/\/teampercheet.fi\/store\/wp-json\/wp\/v2\/types\/product"}],"replies":[{"embeddable":true,"href":"https:\/\/teampercheet.fi\/store\/wp-json\/wp\/v2\/comments?post=3318"}],"wp:featuredmedia":[{"embeddable":true,"href":"https:\/\/teampercheet.fi\/store\/wp-json\/wp\/v2\/media\/3319"}],"wp:attachment":[{"href":"https:\/\/teampercheet.fi\/store\/wp-json\/wp\/v2\/media?parent=3318"}],"wp:term":[{"taxonomy":"product_brand","embeddable":true,"href":"https:\/\/teampercheet.fi\/store\/wp-json\/wp\/v2\/product_brand?post=3318"},{"taxonomy":"product_cat","embeddable":true,"href":"https:\/\/teampercheet.fi\/store\/wp-json\/wp\/v2\/product_cat?post=3318"},{"taxonomy":"product_tag","embeddable":true,"href":"https:\/\/teampercheet.fi\/store\/wp-json\/wp\/v2\/product_tag?post=3318"}],"curies":[{"name":"wp","href":"https:\/\/api.w.org\/{rel}","templated":true}]}}