{"id":6861,"date":"2026-02-11T23:10:04","date_gmt":"2026-02-11T21:10:04","guid":{"rendered":"https:\/\/teampercheet.fi\/store\/?post_type=product&#038;p=6861"},"modified":"2026-02-11T23:10:58","modified_gmt":"2026-02-11T21:10:58","slug":"percheet-anturinkiinnike-lowrance-eagle-eye","status":"publish","type":"product","link":"https:\/\/teampercheet.fi\/store\/tuote\/percheet-anturinkiinnike-lowrance-eagle-eye\/","title":{"rendered":"PERCHEET Anturinkiinnike Lowrance Eagle Eye"},"content":{"rendered":"","protected":false},"excerpt":{"rendered":"<p class=\"p1\">Putken alaosaan kiinnitett\u00e4v\u00e4 anturinkiinnike live-antureille. Valitse valikosta omaa telinett\u00e4si vastaava putken ulkohalkaisija.<\/p>\n<p class=\"p1\">Percheet Anturinkiinnike mahdollistaa anturin asentamisen suoraan alas ja eteen (scout \/ Perspective-asento) Mahdollista my\u00f6s asettaa portaattomasti n\u00e4iden v\u00e4lill\u00e4.<\/p>\n<p class=\"p1\">Anturitelineen muotoilussa on otettu huomioon vedenvastuksen minimoiminen sek\u00e4 j\u00e4tetty pois ulkonevat ter\u00e4v\u00e4t kulmat sek\u00e4 erilliset pulttinupikat siiman tarttumisen ehk\u00e4isemiseksi.<\/p>\n<p class=\"p1\">Vaikka kyseess\u00e4 on jykev\u00e4 anturikiinnike on sen my\u00f6s niin ik\u00e4\u00e4n \u201dsulake\u201d joka antaa periksi pahimassa tapauksessa osuessaan luodatessa kiveen s\u00e4\u00e4st\u00e4en kalliin liveluotaimen vahingoittumisen.<\/p>\n<p class=\"p1\">Kiinnike asennetaan mukana tulevalla rst 6mm pultin avulla tai liimaten livetelineen putkeen.<\/p>\n","protected":false},"featured_media":6736,"comment_status":"open","ping_status":"closed","template":"","meta":[],"product_brand":[],"product_cat":[15,779,300],"product_tag":[816,818,814,824,825,817,826,823,820,821,819,822,802,806,807,808,805,801,804,803,813,800,799,812,811,796,797,798,786,815,790,793,782,795,785,784,788,809,810],"class_list":{"0":"post-6861","1":"product","2":"type-product","3":"status-publish","4":"has-post-thumbnail","6":"product_cat-yleinen","7":"product_cat-anturitelineet","8":"product_cat-uutuudet","9":"product_tag-activetarget-2-anturikiinnike","10":"product_tag-activetarget-anturi-alas-eteen-scout","11":"product_tag-activetarget-anturikiinnike","12":"product_tag-activetarget-anturin-alas-osoittava-kiinnike","13":"product_tag-activetarget-anturin-asennon-vaihto-teline","14":"product_tag-activetarget-anturin-kiinnike","15":"product_tag-activetarget-anturin-teline","16":"product_tag-activetarget-anturinkiinnike-25mm-putkeen","17":"product_tag-activetarget-kaantyva-anturikiinnike","18":"product_tag-activetarget-liveanturi-putkikiinnike","19":"product_tag-activetarget-perspective-kiinnike","20":"product_tag-activetarget-teline-putkeen","21":"product_tag-anturi-alas-eteen-scout","22":"product_tag-anturikiinnike-22mm-putkeen","23":"product_tag-anturikiinnike-25mm-putkeen","24":"product_tag-anturikiinnike-28mm-putkeen","25":"product_tag-anturikiinnike-kalastukseen","26":"product_tag-anturikiinnike-live-anturille","27":"product_tag-anturin-nopea-asennon-vaihto","28":"product_tag-anturin-perspective-asennus","29":"product_tag-anturinkiinnike-lowrance-activetarget","30":"product_tag-anturinkiinnike-putkeen","31":"product_tag-kaantyva-anturikiinnike","32":"product_tag-kpf-21-3mm-anturikiinnike","33":"product_tag-kpf-anturikiinnike","34":"product_tag-liveanturi-anturikiinnike","35":"product_tag-liveanturi-teline","36":"product_tag-liveanturin-kiinnike-putkeen","37":"product_tag-livescope-anturinkiinnike","38":"product_tag-lowrance-activetarget-teline","39":"product_tag-lvs34-anturi-putkikiinnike","40":"product_tag-lvs34-anturin-alas-suuntaava-kiinnike","41":"product_tag-lvs34-anturin-kiinnike","42":"product_tag-lvs34-anturin-nopea-kaanto","43":"product_tag-lvs34-anturinkiinnike","44":"product_tag-lvs34-liveanturi-teline","45":"product_tag-lvs34-perspective-teline","46":"product_tag-patriot-livefix-anturikiinnike","47":"product_tag-roster360-anturikiinnike","49":"first","50":"instock","51":"taxable","52":"shipping-taxable","53":"purchasable","54":"product-type-variable"},"yoast_head":"<!-- This site is optimized with the Yoast SEO plugin v27.3 - https:\/\/yoast.com\/product\/yoast-seo-wordpress\/ -->\n<title>PERCHEET Anturinkiinnike Lowrance Eagle Eye - Team Percheet \u2013 Laadukkaat kalastustarvikkeet ja venevarusteet<\/title>\n<meta name=\"robots\" content=\"index, follow, max-snippet:-1, max-image-preview:large, max-video-preview:-1\" \/>\n<link rel=\"canonical\" href=\"https:\/\/teampercheet.fi\/store\/tuote\/percheet-anturinkiinnike-lowrance-eagle-eye\/\" \/>\n<meta property=\"og:locale\" content=\"fi_FI\" \/>\n<meta property=\"og:type\" content=\"article\" \/>\n<meta property=\"og:title\" content=\"PERCHEET Anturinkiinnike Lowrance Eagle Eye - Team Percheet \u2013 Laadukkaat kalastustarvikkeet ja venevarusteet\" \/>\n<meta property=\"og:description\" content=\"Putken alaosaan kiinnitett\u00e4v\u00e4 anturinkiinnike live-antureille. Valitse valikosta omaa telinett\u00e4si vastaava putken ulkohalkaisija. Percheet Anturinkiinnike mahdollistaa anturin asentamisen suoraan alas ja eteen (scout \/ Perspective-asento) Mahdollista my\u00f6s asettaa portaattomasti n\u00e4iden v\u00e4lill\u00e4. Anturitelineen muotoilussa on otettu huomioon vedenvastuksen minimoiminen sek\u00e4 j\u00e4tetty pois ulkonevat ter\u00e4v\u00e4t kulmat sek\u00e4 erilliset pulttinupikat siiman tarttumisen ehk\u00e4isemiseksi. Vaikka kyseess\u00e4 on jykev\u00e4 anturikiinnike on sen my\u00f6s niin ik\u00e4\u00e4n \u201dsulake\u201d joka antaa periksi pahimassa tapauksessa osuessaan luodatessa kiveen s\u00e4\u00e4st\u00e4en kalliin liveluotaimen vahingoittumisen. Kiinnike asennetaan mukana tulevalla rst 6mm pultin avulla tai liimaten livetelineen putkeen.\" \/>\n<meta property=\"og:url\" content=\"https:\/\/teampercheet.fi\/store\/tuote\/percheet-anturinkiinnike-lowrance-eagle-eye\/\" \/>\n<meta property=\"og:site_name\" content=\"Team Percheet \u2013 Laadukkaat kalastustarvikkeet ja venevarusteet\" \/>\n<meta property=\"article:modified_time\" content=\"2026-02-11T21:10:58+00:00\" \/>\n<meta property=\"og:image\" content=\"https:\/\/teampercheet.fi\/store\/wp-content\/uploads\/2026\/01\/PERCHEET-Anturinkiinnike-Lowrance-Active-Target-25.jpg\" \/>\n\t<meta property=\"og:image:width\" content=\"1080\" \/>\n\t<meta property=\"og:image:height\" content=\"1080\" \/>\n\t<meta property=\"og:image:type\" content=\"image\/jpeg\" \/>\n<meta name=\"twitter:card\" content=\"summary_large_image\" \/>\n<script type=\"application\/ld+json\" class=\"yoast-schema-graph\">{\"@context\":\"https:\\\/\\\/schema.org\",\"@graph\":[{\"@type\":\"WebPage\",\"@id\":\"https:\\\/\\\/teampercheet.fi\\\/store\\\/tuote\\\/percheet-anturinkiinnike-lowrance-eagle-eye\\\/\",\"url\":\"https:\\\/\\\/teampercheet.fi\\\/store\\\/tuote\\\/percheet-anturinkiinnike-lowrance-eagle-eye\\\/\",\"name\":\"PERCHEET Anturinkiinnike Lowrance Eagle Eye - Team Percheet \u2013 Laadukkaat kalastustarvikkeet ja venevarusteet\",\"isPartOf\":{\"@id\":\"https:\\\/\\\/teampercheet.fi\\\/store\\\/#website\"},\"primaryImageOfPage\":{\"@id\":\"https:\\\/\\\/teampercheet.fi\\\/store\\\/tuote\\\/percheet-anturinkiinnike-lowrance-eagle-eye\\\/#primaryimage\"},\"image\":{\"@id\":\"https:\\\/\\\/teampercheet.fi\\\/store\\\/tuote\\\/percheet-anturinkiinnike-lowrance-eagle-eye\\\/#primaryimage\"},\"thumbnailUrl\":\"https:\\\/\\\/teampercheet.fi\\\/store\\\/wp-content\\\/uploads\\\/2026\\\/01\\\/PERCHEET-Anturinkiinnike-Lowrance-Active-Target-25.jpg\",\"datePublished\":\"2026-02-11T21:10:04+00:00\",\"dateModified\":\"2026-02-11T21:10:58+00:00\",\"breadcrumb\":{\"@id\":\"https:\\\/\\\/teampercheet.fi\\\/store\\\/tuote\\\/percheet-anturinkiinnike-lowrance-eagle-eye\\\/#breadcrumb\"},\"inLanguage\":\"fi\",\"potentialAction\":[{\"@type\":\"ReadAction\",\"target\":[\"https:\\\/\\\/teampercheet.fi\\\/store\\\/tuote\\\/percheet-anturinkiinnike-lowrance-eagle-eye\\\/\"]}]},{\"@type\":\"ImageObject\",\"inLanguage\":\"fi\",\"@id\":\"https:\\\/\\\/teampercheet.fi\\\/store\\\/tuote\\\/percheet-anturinkiinnike-lowrance-eagle-eye\\\/#primaryimage\",\"url\":\"https:\\\/\\\/teampercheet.fi\\\/store\\\/wp-content\\\/uploads\\\/2026\\\/01\\\/PERCHEET-Anturinkiinnike-Lowrance-Active-Target-25.jpg\",\"contentUrl\":\"https:\\\/\\\/teampercheet.fi\\\/store\\\/wp-content\\\/uploads\\\/2026\\\/01\\\/PERCHEET-Anturinkiinnike-Lowrance-Active-Target-25.jpg\",\"width\":1080,\"height\":1080},{\"@type\":\"BreadcrumbList\",\"@id\":\"https:\\\/\\\/teampercheet.fi\\\/store\\\/tuote\\\/percheet-anturinkiinnike-lowrance-eagle-eye\\\/#breadcrumb\",\"itemListElement\":[{\"@type\":\"ListItem\",\"position\":1,\"name\":\"Etusivu\",\"item\":\"https:\\\/\\\/teampercheet.fi\\\/store\\\/\"},{\"@type\":\"ListItem\",\"position\":2,\"name\":\"Kauppa\",\"item\":\"https:\\\/\\\/teampercheet.fi\\\/store\\\/kauppa\\\/\"},{\"@type\":\"ListItem\",\"position\":3,\"name\":\"PERCHEET Anturinkiinnike Lowrance Eagle Eye\"}]},{\"@type\":\"WebSite\",\"@id\":\"https:\\\/\\\/teampercheet.fi\\\/store\\\/#website\",\"url\":\"https:\\\/\\\/teampercheet.fi\\\/store\\\/\",\"name\":\"Team Percheet \u2013 Laadukkaat kalastustarvikkeet ja venevarusteet\",\"description\":\"Tutustu Percheet Gearin kattavaan valikoimaan. Kest\u00e4v\u00e4t venevarusteet, juomatelineet, anturikiinnikkeet ja anturisuojat veneilyyn ja\u00a0kalastukseen.\",\"publisher\":{\"@id\":\"https:\\\/\\\/teampercheet.fi\\\/store\\\/#organization\"},\"potentialAction\":[{\"@type\":\"SearchAction\",\"target\":{\"@type\":\"EntryPoint\",\"urlTemplate\":\"https:\\\/\\\/teampercheet.fi\\\/store\\\/?s={search_term_string}\"},\"query-input\":{\"@type\":\"PropertyValueSpecification\",\"valueRequired\":true,\"valueName\":\"search_term_string\"}}],\"inLanguage\":\"fi\"},{\"@type\":\"Organization\",\"@id\":\"https:\\\/\\\/teampercheet.fi\\\/store\\\/#organization\",\"name\":\"Team Percheet \u2013 Laadukkaat kalastustarvikkeet ja venevarusteet\",\"url\":\"https:\\\/\\\/teampercheet.fi\\\/store\\\/\",\"logo\":{\"@type\":\"ImageObject\",\"inLanguage\":\"fi\",\"@id\":\"https:\\\/\\\/teampercheet.fi\\\/store\\\/#\\\/schema\\\/logo\\\/image\\\/\",\"url\":\"https:\\\/\\\/teampercheet.fi\\\/store\\\/wp-content\\\/uploads\\\/2024\\\/10\\\/logo-tpc.png\",\"contentUrl\":\"https:\\\/\\\/teampercheet.fi\\\/store\\\/wp-content\\\/uploads\\\/2024\\\/10\\\/logo-tpc.png\",\"width\":1268,\"height\":211,\"caption\":\"Team Percheet \u2013 Laadukkaat kalastustarvikkeet ja venevarusteet\"},\"image\":{\"@id\":\"https:\\\/\\\/teampercheet.fi\\\/store\\\/#\\\/schema\\\/logo\\\/image\\\/\"}}]}<\/script>\n<!-- \/ Yoast SEO plugin. -->","yoast_head_json":{"title":"PERCHEET Anturinkiinnike Lowrance Eagle Eye - Team Percheet \u2013 Laadukkaat kalastustarvikkeet ja venevarusteet","robots":{"index":"index","follow":"follow","max-snippet":"max-snippet:-1","max-image-preview":"max-image-preview:large","max-video-preview":"max-video-preview:-1"},"canonical":"https:\/\/teampercheet.fi\/store\/tuote\/percheet-anturinkiinnike-lowrance-eagle-eye\/","og_locale":"fi_FI","og_type":"article","og_title":"PERCHEET Anturinkiinnike Lowrance Eagle Eye - Team Percheet \u2013 Laadukkaat kalastustarvikkeet ja venevarusteet","og_description":"Putken alaosaan kiinnitett\u00e4v\u00e4 anturinkiinnike live-antureille. Valitse valikosta omaa telinett\u00e4si vastaava putken ulkohalkaisija. Percheet Anturinkiinnike mahdollistaa anturin asentamisen suoraan alas ja eteen (scout \/ Perspective-asento) Mahdollista my\u00f6s asettaa portaattomasti n\u00e4iden v\u00e4lill\u00e4. Anturitelineen muotoilussa on otettu huomioon vedenvastuksen minimoiminen sek\u00e4 j\u00e4tetty pois ulkonevat ter\u00e4v\u00e4t kulmat sek\u00e4 erilliset pulttinupikat siiman tarttumisen ehk\u00e4isemiseksi. Vaikka kyseess\u00e4 on jykev\u00e4 anturikiinnike on sen my\u00f6s niin ik\u00e4\u00e4n \u201dsulake\u201d joka antaa periksi pahimassa tapauksessa osuessaan luodatessa kiveen s\u00e4\u00e4st\u00e4en kalliin liveluotaimen vahingoittumisen. Kiinnike asennetaan mukana tulevalla rst 6mm pultin avulla tai liimaten livetelineen putkeen.","og_url":"https:\/\/teampercheet.fi\/store\/tuote\/percheet-anturinkiinnike-lowrance-eagle-eye\/","og_site_name":"Team Percheet \u2013 Laadukkaat kalastustarvikkeet ja venevarusteet","article_modified_time":"2026-02-11T21:10:58+00:00","og_image":[{"width":1080,"height":1080,"url":"https:\/\/teampercheet.fi\/store\/wp-content\/uploads\/2026\/01\/PERCHEET-Anturinkiinnike-Lowrance-Active-Target-25.jpg","type":"image\/jpeg"}],"twitter_card":"summary_large_image","schema":{"@context":"https:\/\/schema.org","@graph":[{"@type":"WebPage","@id":"https:\/\/teampercheet.fi\/store\/tuote\/percheet-anturinkiinnike-lowrance-eagle-eye\/","url":"https:\/\/teampercheet.fi\/store\/tuote\/percheet-anturinkiinnike-lowrance-eagle-eye\/","name":"PERCHEET Anturinkiinnike Lowrance Eagle Eye - Team Percheet \u2013 Laadukkaat kalastustarvikkeet ja venevarusteet","isPartOf":{"@id":"https:\/\/teampercheet.fi\/store\/#website"},"primaryImageOfPage":{"@id":"https:\/\/teampercheet.fi\/store\/tuote\/percheet-anturinkiinnike-lowrance-eagle-eye\/#primaryimage"},"image":{"@id":"https:\/\/teampercheet.fi\/store\/tuote\/percheet-anturinkiinnike-lowrance-eagle-eye\/#primaryimage"},"thumbnailUrl":"https:\/\/teampercheet.fi\/store\/wp-content\/uploads\/2026\/01\/PERCHEET-Anturinkiinnike-Lowrance-Active-Target-25.jpg","datePublished":"2026-02-11T21:10:04+00:00","dateModified":"2026-02-11T21:10:58+00:00","breadcrumb":{"@id":"https:\/\/teampercheet.fi\/store\/tuote\/percheet-anturinkiinnike-lowrance-eagle-eye\/#breadcrumb"},"inLanguage":"fi","potentialAction":[{"@type":"ReadAction","target":["https:\/\/teampercheet.fi\/store\/tuote\/percheet-anturinkiinnike-lowrance-eagle-eye\/"]}]},{"@type":"ImageObject","inLanguage":"fi","@id":"https:\/\/teampercheet.fi\/store\/tuote\/percheet-anturinkiinnike-lowrance-eagle-eye\/#primaryimage","url":"https:\/\/teampercheet.fi\/store\/wp-content\/uploads\/2026\/01\/PERCHEET-Anturinkiinnike-Lowrance-Active-Target-25.jpg","contentUrl":"https:\/\/teampercheet.fi\/store\/wp-content\/uploads\/2026\/01\/PERCHEET-Anturinkiinnike-Lowrance-Active-Target-25.jpg","width":1080,"height":1080},{"@type":"BreadcrumbList","@id":"https:\/\/teampercheet.fi\/store\/tuote\/percheet-anturinkiinnike-lowrance-eagle-eye\/#breadcrumb","itemListElement":[{"@type":"ListItem","position":1,"name":"Etusivu","item":"https:\/\/teampercheet.fi\/store\/"},{"@type":"ListItem","position":2,"name":"Kauppa","item":"https:\/\/teampercheet.fi\/store\/kauppa\/"},{"@type":"ListItem","position":3,"name":"PERCHEET Anturinkiinnike Lowrance Eagle Eye"}]},{"@type":"WebSite","@id":"https:\/\/teampercheet.fi\/store\/#website","url":"https:\/\/teampercheet.fi\/store\/","name":"Team Percheet \u2013 Laadukkaat kalastustarvikkeet ja venevarusteet","description":"Tutustu Percheet Gearin kattavaan valikoimaan. Kest\u00e4v\u00e4t venevarusteet, juomatelineet, anturikiinnikkeet ja anturisuojat veneilyyn ja\u00a0kalastukseen.","publisher":{"@id":"https:\/\/teampercheet.fi\/store\/#organization"},"potentialAction":[{"@type":"SearchAction","target":{"@type":"EntryPoint","urlTemplate":"https:\/\/teampercheet.fi\/store\/?s={search_term_string}"},"query-input":{"@type":"PropertyValueSpecification","valueRequired":true,"valueName":"search_term_string"}}],"inLanguage":"fi"},{"@type":"Organization","@id":"https:\/\/teampercheet.fi\/store\/#organization","name":"Team Percheet \u2013 Laadukkaat kalastustarvikkeet ja venevarusteet","url":"https:\/\/teampercheet.fi\/store\/","logo":{"@type":"ImageObject","inLanguage":"fi","@id":"https:\/\/teampercheet.fi\/store\/#\/schema\/logo\/image\/","url":"https:\/\/teampercheet.fi\/store\/wp-content\/uploads\/2024\/10\/logo-tpc.png","contentUrl":"https:\/\/teampercheet.fi\/store\/wp-content\/uploads\/2024\/10\/logo-tpc.png","width":1268,"height":211,"caption":"Team Percheet \u2013 Laadukkaat kalastustarvikkeet ja venevarusteet"},"image":{"@id":"https:\/\/teampercheet.fi\/store\/#\/schema\/logo\/image\/"}}]}},"_links":{"self":[{"href":"https:\/\/teampercheet.fi\/store\/wp-json\/wp\/v2\/product\/6861","targetHints":{"allow":["GET"]}}],"collection":[{"href":"https:\/\/teampercheet.fi\/store\/wp-json\/wp\/v2\/product"}],"about":[{"href":"https:\/\/teampercheet.fi\/store\/wp-json\/wp\/v2\/types\/product"}],"replies":[{"embeddable":true,"href":"https:\/\/teampercheet.fi\/store\/wp-json\/wp\/v2\/comments?post=6861"}],"wp:featuredmedia":[{"embeddable":true,"href":"https:\/\/teampercheet.fi\/store\/wp-json\/wp\/v2\/media\/6736"}],"wp:attachment":[{"href":"https:\/\/teampercheet.fi\/store\/wp-json\/wp\/v2\/media?parent=6861"}],"wp:term":[{"taxonomy":"product_brand","embeddable":true,"href":"https:\/\/teampercheet.fi\/store\/wp-json\/wp\/v2\/product_brand?post=6861"},{"taxonomy":"product_cat","embeddable":true,"href":"https:\/\/teampercheet.fi\/store\/wp-json\/wp\/v2\/product_cat?post=6861"},{"taxonomy":"product_tag","embeddable":true,"href":"https:\/\/teampercheet.fi\/store\/wp-json\/wp\/v2\/product_tag?post=6861"}],"curies":[{"name":"wp","href":"https:\/\/api.w.org\/{rel}","templated":true}]}}