{"id":7382,"date":"2026-04-08T13:05:05","date_gmt":"2026-04-08T10:05:05","guid":{"rendered":"https:\/\/teampercheet.fi\/store\/?post_type=product&#038;p=7382"},"modified":"2026-04-08T13:06:27","modified_gmt":"2026-04-08T10:06:27","slug":"percheet-garmin-echomap-1223xsv-haikaisysuoja","status":"publish","type":"product","link":"https:\/\/teampercheet.fi\/store\/tuote\/percheet-garmin-echomap-1223xsv-haikaisysuoja\/","title":{"rendered":"PERCHEET Garmin Echomap 1223xsv H\u00e4ik\u00e4isysuoja"},"content":{"rendered":"","protected":false},"excerpt":{"rendered":"<p class=\"p1\">Laadukas Suomessa valmistettu Percheet Gear aurinkosuoja Garmin Echomap 1223xsv kaikuluotaimen n\u00e4yt\u00f6lle suunniteltu h\u00e4ik\u00e4isysuoja.<\/p>\n<p class=\"p1\">Laadukas n\u00e4yt\u00f6n heijastussuoja antaa erinomaisen suojan auringon h\u00e4ik\u00e4isylt\u00e4! N\u00e4et n\u00e4yt\u00f6n tarkemmin ja selvimmin my\u00f6s kirkkaassa auringon paisteessa. Antaa lis\u00e4ksi suojaa sateelta, v\u00e4hemm\u00e4n pisaroita n\u00e4yt\u00f6ll\u00e4. Kuumissa ja kirkkaissa olosuhteissa n\u00e4yt\u00f6n kirkkautta ei en\u00e4\u00e4 v\u00e4ltt\u00e4m\u00e4tt\u00e4 tarvitse pit\u00e4\u00e4 maksimilla, mik\u00e4 s\u00e4\u00e4st\u00e4\u00e4 virtaa ja v\u00e4hent\u00e4\u00e4 laitteen kuumentumista. Pime\u00e4ss\u00e4 k\u00e4ytett\u00e4ess\u00e4 ehk\u00e4isee laitteen n\u00e4yt\u00f6n valojen heijastuksia esim. veneen tuulilasiin ja parantaa kuljettajan n\u00e4k\u00f6kyky\u00e4 eteenp\u00e4in. Kest\u00e4v\u00e4, mutta silti eritt\u00e4in kevyt. Valmistettu Suomessa.<\/p>\n<p class=\"p1\">Percheet Gearin aurinkolippa asennetaan laitteen \u201duppoasennus\u201d rei\u2019ist\u00e4. Poista peitelistat \/ lista ja kiinnit\u00e4 ruuvit n\u00e4yt\u00f6n puolelta aurinkolippaan. Voit halutessasi asettaa peitelistat \/ listan takaisin paikoilleen. Kiinniketarvikkeet toimitetaan tuotteen mukana.<\/p>\n","protected":false},"featured_media":7383,"comment_status":"open","ping_status":"closed","template":"","meta":[],"product_brand":[],"product_cat":[835,300],"product_tag":[],"class_list":{"0":"post-7382","1":"product","2":"type-product","3":"status-publish","4":"has-post-thumbnail","6":"product_cat-haikaisysuojat","7":"product_cat-uutuudet","9":"first","10":"instock","11":"taxable","12":"shipping-taxable","13":"purchasable","14":"product-type-simple"},"yoast_head":"<!-- This site is optimized with the Yoast SEO plugin v27.3 - https:\/\/yoast.com\/product\/yoast-seo-wordpress\/ -->\n<title>PERCHEET Garmin Echomap 1223xsv H\u00e4ik\u00e4isysuoja - Team Percheet \u2013 Laadukkaat kalastustarvikkeet ja venevarusteet<\/title>\n<meta name=\"robots\" content=\"index, follow, max-snippet:-1, max-image-preview:large, max-video-preview:-1\" \/>\n<link rel=\"canonical\" href=\"https:\/\/teampercheet.fi\/store\/tuote\/percheet-garmin-echomap-1223xsv-haikaisysuoja\/\" \/>\n<meta property=\"og:locale\" content=\"fi_FI\" \/>\n<meta property=\"og:type\" content=\"article\" \/>\n<meta property=\"og:title\" content=\"PERCHEET Garmin Echomap 1223xsv H\u00e4ik\u00e4isysuoja - Team Percheet \u2013 Laadukkaat kalastustarvikkeet ja venevarusteet\" \/>\n<meta property=\"og:description\" content=\"Laadukas Suomessa valmistettu Percheet Gear aurinkosuoja Garmin Echomap 1223xsv kaikuluotaimen n\u00e4yt\u00f6lle suunniteltu h\u00e4ik\u00e4isysuoja. Laadukas n\u00e4yt\u00f6n heijastussuoja antaa erinomaisen suojan auringon h\u00e4ik\u00e4isylt\u00e4! N\u00e4et n\u00e4yt\u00f6n tarkemmin ja selvimmin my\u00f6s kirkkaassa auringon paisteessa. Antaa lis\u00e4ksi suojaa sateelta, v\u00e4hemm\u00e4n pisaroita n\u00e4yt\u00f6ll\u00e4. Kuumissa ja kirkkaissa olosuhteissa n\u00e4yt\u00f6n kirkkautta ei en\u00e4\u00e4 v\u00e4ltt\u00e4m\u00e4tt\u00e4 tarvitse pit\u00e4\u00e4 maksimilla, mik\u00e4 s\u00e4\u00e4st\u00e4\u00e4 virtaa ja v\u00e4hent\u00e4\u00e4 laitteen kuumentumista. Pime\u00e4ss\u00e4 k\u00e4ytett\u00e4ess\u00e4 ehk\u00e4isee laitteen n\u00e4yt\u00f6n valojen heijastuksia esim. veneen tuulilasiin ja parantaa kuljettajan n\u00e4k\u00f6kyky\u00e4 eteenp\u00e4in. Kest\u00e4v\u00e4, mutta silti eritt\u00e4in kevyt. Valmistettu Suomessa. Percheet Gearin aurinkolippa asennetaan laitteen \u201duppoasennus\u201d rei\u2019ist\u00e4. Poista peitelistat \/ lista ja kiinnit\u00e4 ruuvit n\u00e4yt\u00f6n puolelta aurinkolippaan. Voit halutessasi asettaa peitelistat \/ listan takaisin paikoilleen. Kiinniketarvikkeet toimitetaan tuotteen mukana.\" \/>\n<meta property=\"og:url\" content=\"https:\/\/teampercheet.fi\/store\/tuote\/percheet-garmin-echomap-1223xsv-haikaisysuoja\/\" \/>\n<meta property=\"og:site_name\" content=\"Team Percheet \u2013 Laadukkaat kalastustarvikkeet ja venevarusteet\" \/>\n<meta property=\"article:modified_time\" content=\"2026-04-08T10:06:27+00:00\" \/>\n<meta property=\"og:image\" content=\"https:\/\/teampercheet.fi\/store\/wp-content\/uploads\/2026\/04\/Haikaisysuoja-Garmin-Echomap-1223.jpg\" \/>\n\t<meta property=\"og:image:width\" content=\"1390\" \/>\n\t<meta property=\"og:image:height\" content=\"1390\" \/>\n\t<meta property=\"og:image:type\" content=\"image\/jpeg\" \/>\n<meta name=\"twitter:card\" content=\"summary_large_image\" \/>\n<script type=\"application\/ld+json\" class=\"yoast-schema-graph\">{\"@context\":\"https:\\\/\\\/schema.org\",\"@graph\":[{\"@type\":\"WebPage\",\"@id\":\"https:\\\/\\\/teampercheet.fi\\\/store\\\/tuote\\\/percheet-garmin-echomap-1223xsv-haikaisysuoja\\\/\",\"url\":\"https:\\\/\\\/teampercheet.fi\\\/store\\\/tuote\\\/percheet-garmin-echomap-1223xsv-haikaisysuoja\\\/\",\"name\":\"PERCHEET Garmin Echomap 1223xsv H\u00e4ik\u00e4isysuoja - Team Percheet \u2013 Laadukkaat kalastustarvikkeet ja venevarusteet\",\"isPartOf\":{\"@id\":\"https:\\\/\\\/teampercheet.fi\\\/store\\\/#website\"},\"primaryImageOfPage\":{\"@id\":\"https:\\\/\\\/teampercheet.fi\\\/store\\\/tuote\\\/percheet-garmin-echomap-1223xsv-haikaisysuoja\\\/#primaryimage\"},\"image\":{\"@id\":\"https:\\\/\\\/teampercheet.fi\\\/store\\\/tuote\\\/percheet-garmin-echomap-1223xsv-haikaisysuoja\\\/#primaryimage\"},\"thumbnailUrl\":\"https:\\\/\\\/teampercheet.fi\\\/store\\\/wp-content\\\/uploads\\\/2026\\\/04\\\/Haikaisysuoja-Garmin-Echomap-1223.jpg\",\"datePublished\":\"2026-04-08T10:05:05+00:00\",\"dateModified\":\"2026-04-08T10:06:27+00:00\",\"breadcrumb\":{\"@id\":\"https:\\\/\\\/teampercheet.fi\\\/store\\\/tuote\\\/percheet-garmin-echomap-1223xsv-haikaisysuoja\\\/#breadcrumb\"},\"inLanguage\":\"fi\",\"potentialAction\":[{\"@type\":\"ReadAction\",\"target\":[\"https:\\\/\\\/teampercheet.fi\\\/store\\\/tuote\\\/percheet-garmin-echomap-1223xsv-haikaisysuoja\\\/\"]}]},{\"@type\":\"ImageObject\",\"inLanguage\":\"fi\",\"@id\":\"https:\\\/\\\/teampercheet.fi\\\/store\\\/tuote\\\/percheet-garmin-echomap-1223xsv-haikaisysuoja\\\/#primaryimage\",\"url\":\"https:\\\/\\\/teampercheet.fi\\\/store\\\/wp-content\\\/uploads\\\/2026\\\/04\\\/Haikaisysuoja-Garmin-Echomap-1223.jpg\",\"contentUrl\":\"https:\\\/\\\/teampercheet.fi\\\/store\\\/wp-content\\\/uploads\\\/2026\\\/04\\\/Haikaisysuoja-Garmin-Echomap-1223.jpg\",\"width\":1390,\"height\":1390},{\"@type\":\"BreadcrumbList\",\"@id\":\"https:\\\/\\\/teampercheet.fi\\\/store\\\/tuote\\\/percheet-garmin-echomap-1223xsv-haikaisysuoja\\\/#breadcrumb\",\"itemListElement\":[{\"@type\":\"ListItem\",\"position\":1,\"name\":\"Etusivu\",\"item\":\"https:\\\/\\\/teampercheet.fi\\\/store\\\/\"},{\"@type\":\"ListItem\",\"position\":2,\"name\":\"Kauppa\",\"item\":\"https:\\\/\\\/teampercheet.fi\\\/store\\\/kauppa\\\/\"},{\"@type\":\"ListItem\",\"position\":3,\"name\":\"PERCHEET Garmin Echomap 1223xsv H\u00e4ik\u00e4isysuoja\"}]},{\"@type\":\"WebSite\",\"@id\":\"https:\\\/\\\/teampercheet.fi\\\/store\\\/#website\",\"url\":\"https:\\\/\\\/teampercheet.fi\\\/store\\\/\",\"name\":\"Team Percheet \u2013 Laadukkaat kalastustarvikkeet ja venevarusteet\",\"description\":\"Tutustu Percheet Gearin kattavaan valikoimaan. Kest\u00e4v\u00e4t venevarusteet, juomatelineet, anturikiinnikkeet ja anturisuojat veneilyyn ja\u00a0kalastukseen.\",\"publisher\":{\"@id\":\"https:\\\/\\\/teampercheet.fi\\\/store\\\/#organization\"},\"potentialAction\":[{\"@type\":\"SearchAction\",\"target\":{\"@type\":\"EntryPoint\",\"urlTemplate\":\"https:\\\/\\\/teampercheet.fi\\\/store\\\/?s={search_term_string}\"},\"query-input\":{\"@type\":\"PropertyValueSpecification\",\"valueRequired\":true,\"valueName\":\"search_term_string\"}}],\"inLanguage\":\"fi\"},{\"@type\":\"Organization\",\"@id\":\"https:\\\/\\\/teampercheet.fi\\\/store\\\/#organization\",\"name\":\"Team Percheet \u2013 Laadukkaat kalastustarvikkeet ja venevarusteet\",\"url\":\"https:\\\/\\\/teampercheet.fi\\\/store\\\/\",\"logo\":{\"@type\":\"ImageObject\",\"inLanguage\":\"fi\",\"@id\":\"https:\\\/\\\/teampercheet.fi\\\/store\\\/#\\\/schema\\\/logo\\\/image\\\/\",\"url\":\"https:\\\/\\\/teampercheet.fi\\\/store\\\/wp-content\\\/uploads\\\/2024\\\/10\\\/logo-tpc.png\",\"contentUrl\":\"https:\\\/\\\/teampercheet.fi\\\/store\\\/wp-content\\\/uploads\\\/2024\\\/10\\\/logo-tpc.png\",\"width\":1268,\"height\":211,\"caption\":\"Team Percheet \u2013 Laadukkaat kalastustarvikkeet ja venevarusteet\"},\"image\":{\"@id\":\"https:\\\/\\\/teampercheet.fi\\\/store\\\/#\\\/schema\\\/logo\\\/image\\\/\"}}]}<\/script>\n<!-- \/ Yoast SEO plugin. -->","yoast_head_json":{"title":"PERCHEET Garmin Echomap 1223xsv H\u00e4ik\u00e4isysuoja - Team Percheet \u2013 Laadukkaat kalastustarvikkeet ja venevarusteet","robots":{"index":"index","follow":"follow","max-snippet":"max-snippet:-1","max-image-preview":"max-image-preview:large","max-video-preview":"max-video-preview:-1"},"canonical":"https:\/\/teampercheet.fi\/store\/tuote\/percheet-garmin-echomap-1223xsv-haikaisysuoja\/","og_locale":"fi_FI","og_type":"article","og_title":"PERCHEET Garmin Echomap 1223xsv H\u00e4ik\u00e4isysuoja - Team Percheet \u2013 Laadukkaat kalastustarvikkeet ja venevarusteet","og_description":"Laadukas Suomessa valmistettu Percheet Gear aurinkosuoja Garmin Echomap 1223xsv kaikuluotaimen n\u00e4yt\u00f6lle suunniteltu h\u00e4ik\u00e4isysuoja. Laadukas n\u00e4yt\u00f6n heijastussuoja antaa erinomaisen suojan auringon h\u00e4ik\u00e4isylt\u00e4! N\u00e4et n\u00e4yt\u00f6n tarkemmin ja selvimmin my\u00f6s kirkkaassa auringon paisteessa. Antaa lis\u00e4ksi suojaa sateelta, v\u00e4hemm\u00e4n pisaroita n\u00e4yt\u00f6ll\u00e4. Kuumissa ja kirkkaissa olosuhteissa n\u00e4yt\u00f6n kirkkautta ei en\u00e4\u00e4 v\u00e4ltt\u00e4m\u00e4tt\u00e4 tarvitse pit\u00e4\u00e4 maksimilla, mik\u00e4 s\u00e4\u00e4st\u00e4\u00e4 virtaa ja v\u00e4hent\u00e4\u00e4 laitteen kuumentumista. Pime\u00e4ss\u00e4 k\u00e4ytett\u00e4ess\u00e4 ehk\u00e4isee laitteen n\u00e4yt\u00f6n valojen heijastuksia esim. veneen tuulilasiin ja parantaa kuljettajan n\u00e4k\u00f6kyky\u00e4 eteenp\u00e4in. Kest\u00e4v\u00e4, mutta silti eritt\u00e4in kevyt. Valmistettu Suomessa. Percheet Gearin aurinkolippa asennetaan laitteen \u201duppoasennus\u201d rei\u2019ist\u00e4. Poista peitelistat \/ lista ja kiinnit\u00e4 ruuvit n\u00e4yt\u00f6n puolelta aurinkolippaan. Voit halutessasi asettaa peitelistat \/ listan takaisin paikoilleen. Kiinniketarvikkeet toimitetaan tuotteen mukana.","og_url":"https:\/\/teampercheet.fi\/store\/tuote\/percheet-garmin-echomap-1223xsv-haikaisysuoja\/","og_site_name":"Team Percheet \u2013 Laadukkaat kalastustarvikkeet ja venevarusteet","article_modified_time":"2026-04-08T10:06:27+00:00","og_image":[{"width":1390,"height":1390,"url":"https:\/\/teampercheet.fi\/store\/wp-content\/uploads\/2026\/04\/Haikaisysuoja-Garmin-Echomap-1223.jpg","type":"image\/jpeg"}],"twitter_card":"summary_large_image","schema":{"@context":"https:\/\/schema.org","@graph":[{"@type":"WebPage","@id":"https:\/\/teampercheet.fi\/store\/tuote\/percheet-garmin-echomap-1223xsv-haikaisysuoja\/","url":"https:\/\/teampercheet.fi\/store\/tuote\/percheet-garmin-echomap-1223xsv-haikaisysuoja\/","name":"PERCHEET Garmin Echomap 1223xsv H\u00e4ik\u00e4isysuoja - Team Percheet \u2013 Laadukkaat kalastustarvikkeet ja venevarusteet","isPartOf":{"@id":"https:\/\/teampercheet.fi\/store\/#website"},"primaryImageOfPage":{"@id":"https:\/\/teampercheet.fi\/store\/tuote\/percheet-garmin-echomap-1223xsv-haikaisysuoja\/#primaryimage"},"image":{"@id":"https:\/\/teampercheet.fi\/store\/tuote\/percheet-garmin-echomap-1223xsv-haikaisysuoja\/#primaryimage"},"thumbnailUrl":"https:\/\/teampercheet.fi\/store\/wp-content\/uploads\/2026\/04\/Haikaisysuoja-Garmin-Echomap-1223.jpg","datePublished":"2026-04-08T10:05:05+00:00","dateModified":"2026-04-08T10:06:27+00:00","breadcrumb":{"@id":"https:\/\/teampercheet.fi\/store\/tuote\/percheet-garmin-echomap-1223xsv-haikaisysuoja\/#breadcrumb"},"inLanguage":"fi","potentialAction":[{"@type":"ReadAction","target":["https:\/\/teampercheet.fi\/store\/tuote\/percheet-garmin-echomap-1223xsv-haikaisysuoja\/"]}]},{"@type":"ImageObject","inLanguage":"fi","@id":"https:\/\/teampercheet.fi\/store\/tuote\/percheet-garmin-echomap-1223xsv-haikaisysuoja\/#primaryimage","url":"https:\/\/teampercheet.fi\/store\/wp-content\/uploads\/2026\/04\/Haikaisysuoja-Garmin-Echomap-1223.jpg","contentUrl":"https:\/\/teampercheet.fi\/store\/wp-content\/uploads\/2026\/04\/Haikaisysuoja-Garmin-Echomap-1223.jpg","width":1390,"height":1390},{"@type":"BreadcrumbList","@id":"https:\/\/teampercheet.fi\/store\/tuote\/percheet-garmin-echomap-1223xsv-haikaisysuoja\/#breadcrumb","itemListElement":[{"@type":"ListItem","position":1,"name":"Etusivu","item":"https:\/\/teampercheet.fi\/store\/"},{"@type":"ListItem","position":2,"name":"Kauppa","item":"https:\/\/teampercheet.fi\/store\/kauppa\/"},{"@type":"ListItem","position":3,"name":"PERCHEET Garmin Echomap 1223xsv H\u00e4ik\u00e4isysuoja"}]},{"@type":"WebSite","@id":"https:\/\/teampercheet.fi\/store\/#website","url":"https:\/\/teampercheet.fi\/store\/","name":"Team Percheet \u2013 Laadukkaat kalastustarvikkeet ja venevarusteet","description":"Tutustu Percheet Gearin kattavaan valikoimaan. Kest\u00e4v\u00e4t venevarusteet, juomatelineet, anturikiinnikkeet ja anturisuojat veneilyyn ja\u00a0kalastukseen.","publisher":{"@id":"https:\/\/teampercheet.fi\/store\/#organization"},"potentialAction":[{"@type":"SearchAction","target":{"@type":"EntryPoint","urlTemplate":"https:\/\/teampercheet.fi\/store\/?s={search_term_string}"},"query-input":{"@type":"PropertyValueSpecification","valueRequired":true,"valueName":"search_term_string"}}],"inLanguage":"fi"},{"@type":"Organization","@id":"https:\/\/teampercheet.fi\/store\/#organization","name":"Team Percheet \u2013 Laadukkaat kalastustarvikkeet ja venevarusteet","url":"https:\/\/teampercheet.fi\/store\/","logo":{"@type":"ImageObject","inLanguage":"fi","@id":"https:\/\/teampercheet.fi\/store\/#\/schema\/logo\/image\/","url":"https:\/\/teampercheet.fi\/store\/wp-content\/uploads\/2024\/10\/logo-tpc.png","contentUrl":"https:\/\/teampercheet.fi\/store\/wp-content\/uploads\/2024\/10\/logo-tpc.png","width":1268,"height":211,"caption":"Team Percheet \u2013 Laadukkaat kalastustarvikkeet ja venevarusteet"},"image":{"@id":"https:\/\/teampercheet.fi\/store\/#\/schema\/logo\/image\/"}}]}},"_links":{"self":[{"href":"https:\/\/teampercheet.fi\/store\/wp-json\/wp\/v2\/product\/7382","targetHints":{"allow":["GET"]}}],"collection":[{"href":"https:\/\/teampercheet.fi\/store\/wp-json\/wp\/v2\/product"}],"about":[{"href":"https:\/\/teampercheet.fi\/store\/wp-json\/wp\/v2\/types\/product"}],"replies":[{"embeddable":true,"href":"https:\/\/teampercheet.fi\/store\/wp-json\/wp\/v2\/comments?post=7382"}],"wp:featuredmedia":[{"embeddable":true,"href":"https:\/\/teampercheet.fi\/store\/wp-json\/wp\/v2\/media\/7383"}],"wp:attachment":[{"href":"https:\/\/teampercheet.fi\/store\/wp-json\/wp\/v2\/media?parent=7382"}],"wp:term":[{"taxonomy":"product_brand","embeddable":true,"href":"https:\/\/teampercheet.fi\/store\/wp-json\/wp\/v2\/product_brand?post=7382"},{"taxonomy":"product_cat","embeddable":true,"href":"https:\/\/teampercheet.fi\/store\/wp-json\/wp\/v2\/product_cat?post=7382"},{"taxonomy":"product_tag","embeddable":true,"href":"https:\/\/teampercheet.fi\/store\/wp-json\/wp\/v2\/product_tag?post=7382"}],"curies":[{"name":"wp","href":"https:\/\/api.w.org\/{rel}","templated":true}]}}